{"id":19851,"date":"2026-04-12T13:57:06","date_gmt":"2026-04-12T13:57:06","guid":{"rendered":"https:\/\/www.elaletisepeti.com\/?post_type=product&#038;p=19851"},"modified":"2026-04-12T13:57:06","modified_gmt":"2026-04-12T13:57:06","slug":"knipex-74-22-200-agir-hizmet-yan-keski","status":"publish","type":"product","link":"https:\/\/www.elaletisepeti.com\/?product=knipex-74-22-200-agir-hizmet-yan-keski","title":{"rendered":"Knipex 74 22 200 A\u011f\u0131r Hizmet Yan Keski"},"content":{"rendered":"<p><strong>Knipex 74 22 200 A\u011f\u0131r Hizmet Yan Keski<\/strong><\/p>\n<div class=\"product--variation-field--variation_field_general_section__1996 field field--name-field-general-section field--type-key-value-class-field-type field--label-hidden field__items\">\n<div class=\"field__item\">\n<div class=\"key-value-class-item \">\n<div class=\"key\">Kod: 74 22 200<\/div>\n<\/div>\n<\/div>\n<div class=\"field__item\">\n<div class=\"key-value-class-item \">\n<div class=\"key\">EAN 4003773051831<\/div>\n<\/div>\n<\/div>\n<div class=\"field__item\">\n<div class=\"key-value-class-item \">\n<div class=\"key\">Pense Siyah Atramentize<\/div>\n<\/div>\n<\/div>\n<div class=\"field__item\">\n<div class=\"key-value-class-item \">\n<div class=\"key\">Ba\u015fl\u0131k Cilal\u0131<\/div>\n<\/div>\n<\/div>\n<div class=\"field__item\">\n<div class=\"key-value-class-item \">\n<div class=\"key\">Kollar Konforlu Saplar \u0130le<\/div>\n<\/div>\n<\/div>\n<div class=\"field__item\">\n<div class=\"key-value-class-item \">\n<div class=\"key\">A\u011f\u0131rl\u0131k 300 g<\/div>\n<\/div>\n<\/div>\n<div class=\"field__item\">\n<div class=\"key-value-class-item \">\n<div class=\"key\">\u00d6l\u00e7\u00fcleri 200 x 52 x 20 mm<\/div>\n<\/div>\n<\/div>\n<div class=\"field__item\">\n<div class=\"key-value-class-item \">\n<div class=\"key\">Norm DIN ISO 5749<\/div>\n<\/div>\n<\/div>\n<div class=\"field__item\">\n<div class=\"key-value-class-item \">\n<div class=\"key\">REACH Uyumlu SVHC \u0130\u00e7ermiyor<\/div>\n<\/div>\n<\/div>\n<div class=\"field__item\">\n<div class=\"key-value-class-item \">\n<div class=\"key\">ROHS Uyumlu Uygulanamaz<\/div>\n<\/div>\n<\/div>\n<\/div>\n<div class=\"product--variation-field--variation_field_technical_section__1996 field field--name-field-technical-section field--type-key-value-class-field-type field--label-hidden field__items\">\n<div class=\"field__item\">Orta Sert Tel Kesme De\u011feri (\u00e7ap) \u00d8 4,2 mm<\/div>\n<div class=\"field__item\">\n<div class=\"key-value-class-item \">\n<div class=\"key\">Yumu\u015fak Tel Kesme De\u011feri (\u00e7ap) \u00d8 3,0 mm<\/div>\n<\/div>\n<\/div>\n<div class=\"field__item\">\n<div class=\"key-value-class-item \">\n<div class=\"key\">Piyano Tel Kesme De\u011feri (\u00e7ap) \u00d8 2,5 mm<\/div>\n<\/div>\n<\/div>\n<div class=\"field__item\">\n<div class=\"key-value-class-item \">\n<div class=\"key\">Bak\u0131r Kablo Kesim De\u011feri, \u00c7ok Telli \u00d8 0,0<\/div>\n<\/div>\n<\/div>\n<\/div>\n","protected":false},"excerpt":{"rendered":"<div class=\"kx-flex kx-justify-between\">\n<div class=\"kx-flex kx-items-center kx-flex-wrap kx-gap-4 kx-gap-y-0\"><img decoding=\"async\" src=\"https:\/\/product-api-assets.knipex.com\/fd89784\/08cce294-72b6-45cf-b2bf-4a8932c77a55.png\" alt=\"\" \/><img decoding=\"async\" src=\"https:\/\/product-api-assets.knipex.com\/fd89784\/9295d3ce-118b-41a0-9424-c8ed699bb29f.png\" alt=\"\" \/><\/div>\n<\/div>\n<div class=\"bulletpoint-container\">\n<ul>\n<li>En zor \u00e7al\u0131\u015fma \u015fartlar\u0131 ve s\u00fcrekli kullan\u0131m i\u00e7in<\/li>\n<li>Kesici a\u00e7\u0131s\u0131, aktar\u0131m oran\u0131 ve ergonomik sap \u015feklinin optimum uyumu sayesinde az kuvvet harcanmas\u0131na ra\u011fmen y\u00fcksek kesme performans\u0131<\/li>\n<li>Hassas kesme kenarlar\u0131 ayr\u0131ca ind\u00fcksiyonla sertle\u015ftirilmi\u015ftir (sertlik yakla\u015f\u0131k 64 HRC), piyano teli dahil t\u00fcm tel tipleri i\u00e7in<\/li>\n<li>Konforlu saplar ile: optimize edilmi\u015f kullan\u0131m i\u00e7in \u00fc\u00e7 ergonomik bile\u015fenden olu\u015fur ve eklemeler i\u00e7in iki KNIPEXtend arabirimiyle donat\u0131lm\u0131\u015ft\u0131r<\/li>\n<\/ul>\n<\/div>\n","protected":false},"featured_media":19853,"template":"","meta":{"_joinchat":[]},"product_brand":[159],"product_cat":[181],"product_tag":[2402,2401,2400,2182],"class_list":{"0":"post-19851","1":"product","2":"type-product","3":"status-publish","4":"has-post-thumbnail","6":"product_brand-knipex","7":"product_cat-yan-keski","8":"product_tag-74-22-200-agir-hizmet-yan-keski","9":"product_tag-knipex-74-22-200","10":"product_tag-knipex-74-22-200-agir-hizmet-yan-keski","11":"product_tag-knipex-yan-keski","14":"first","15":"instock","16":"shipping-taxable","17":"product-type-simple"},"yoast_head":"<!-- This site is optimized with the Yoast SEO plugin v27.3 - https:\/\/yoast.com\/product\/yoast-seo-wordpress\/ -->\n<title>Knipex 74 22 200 A\u011f\u0131r Hizmet Yan Keski - El Aleti Sepeti<\/title>\n<meta name=\"description\" content=\"Knipex 74 22 200 a\u011f\u0131r hizmet yan keski ile sert ve kal\u0131n telleri kolayca kesin. Y\u00fcksek kesme g\u00fcc\u00fc ve uzun \u00f6m\u00fcrl\u00fc kullan\u0131m sunar.\" \/>\n<meta name=\"robots\" content=\"index, follow, max-snippet:-1, max-image-preview:large, max-video-preview:-1\" \/>\n<link rel=\"canonical\" href=\"https:\/\/www.elaletisepeti.com\/?product=knipex-74-22-200-agir-hizmet-yan-keski\" \/>\n<meta property=\"og:locale\" content=\"tr_TR\" \/>\n<meta property=\"og:type\" content=\"article\" \/>\n<meta property=\"og:title\" content=\"Knipex 74 22 200 A\u011f\u0131r Hizmet Yan Keski - El Aleti Sepeti\" \/>\n<meta property=\"og:description\" content=\"Knipex 74 22 200 a\u011f\u0131r hizmet yan keski ile sert ve kal\u0131n telleri kolayca kesin. Y\u00fcksek kesme g\u00fcc\u00fc ve uzun \u00f6m\u00fcrl\u00fc kullan\u0131m sunar.\" \/>\n<meta property=\"og:url\" content=\"https:\/\/www.elaletisepeti.com\/?product=knipex-74-22-200-agir-hizmet-yan-keski\" \/>\n<meta property=\"og:site_name\" content=\"El Aleti Sepeti\" \/>\n<meta property=\"og:image\" content=\"https:\/\/www.elaletisepeti.com\/wp-content\/uploads\/2026\/04\/Knipex-74-22-200-.jpg\" \/>\n\t<meta property=\"og:image:width\" content=\"1000\" \/>\n\t<meta property=\"og:image:height\" content=\"1000\" \/>\n\t<meta property=\"og:image:type\" content=\"image\/jpeg\" \/>\n<meta name=\"twitter:card\" content=\"summary_large_image\" \/>\n<meta name=\"twitter:label1\" content=\"Tahmini okuma s\u00fcresi\" \/>\n\t<meta name=\"twitter:data1\" content=\"1 dakika\" \/>\n<script type=\"application\/ld+json\" class=\"yoast-schema-graph\">{\"@context\":\"https:\\\/\\\/schema.org\",\"@graph\":[{\"@type\":\"WebPage\",\"@id\":\"https:\\\/\\\/www.elaletisepeti.com\\\/?product=knipex-74-22-200-agir-hizmet-yan-keski\",\"url\":\"https:\\\/\\\/www.elaletisepeti.com\\\/?product=knipex-74-22-200-agir-hizmet-yan-keski\",\"name\":\"Knipex 74 22 200 A\u011f\u0131r Hizmet Yan Keski - El Aleti Sepeti\",\"isPartOf\":{\"@id\":\"https:\\\/\\\/www.elaletisepeti.com\\\/#website\"},\"primaryImageOfPage\":{\"@id\":\"https:\\\/\\\/www.elaletisepeti.com\\\/?product=knipex-74-22-200-agir-hizmet-yan-keski#primaryimage\"},\"image\":{\"@id\":\"https:\\\/\\\/www.elaletisepeti.com\\\/?product=knipex-74-22-200-agir-hizmet-yan-keski#primaryimage\"},\"thumbnailUrl\":\"https:\\\/\\\/www.elaletisepeti.com\\\/wp-content\\\/uploads\\\/2026\\\/04\\\/Knipex-74-22-200-.jpg\",\"datePublished\":\"2026-04-12T13:57:06+00:00\",\"description\":\"Knipex 74 22 200 a\u011f\u0131r hizmet yan keski ile sert ve kal\u0131n telleri kolayca kesin. Y\u00fcksek kesme g\u00fcc\u00fc ve uzun \u00f6m\u00fcrl\u00fc kullan\u0131m sunar.\",\"breadcrumb\":{\"@id\":\"https:\\\/\\\/www.elaletisepeti.com\\\/?product=knipex-74-22-200-agir-hizmet-yan-keski#breadcrumb\"},\"inLanguage\":\"tr\",\"potentialAction\":[{\"@type\":\"ReadAction\",\"target\":[\"https:\\\/\\\/www.elaletisepeti.com\\\/?product=knipex-74-22-200-agir-hizmet-yan-keski\"]}]},{\"@type\":\"ImageObject\",\"inLanguage\":\"tr\",\"@id\":\"https:\\\/\\\/www.elaletisepeti.com\\\/?product=knipex-74-22-200-agir-hizmet-yan-keski#primaryimage\",\"url\":\"https:\\\/\\\/www.elaletisepeti.com\\\/wp-content\\\/uploads\\\/2026\\\/04\\\/Knipex-74-22-200-.jpg\",\"contentUrl\":\"https:\\\/\\\/www.elaletisepeti.com\\\/wp-content\\\/uploads\\\/2026\\\/04\\\/Knipex-74-22-200-.jpg\",\"width\":1000,\"height\":1000},{\"@type\":\"BreadcrumbList\",\"@id\":\"https:\\\/\\\/www.elaletisepeti.com\\\/?product=knipex-74-22-200-agir-hizmet-yan-keski#breadcrumb\",\"itemListElement\":[{\"@type\":\"ListItem\",\"position\":1,\"name\":\"Anasayfa\",\"item\":\"https:\\\/\\\/www.elaletisepeti.com\\\/\"},{\"@type\":\"ListItem\",\"position\":2,\"name\":\"Shop\",\"item\":\"https:\\\/\\\/www.elaletisepeti.com\\\/?page_id=7\"},{\"@type\":\"ListItem\",\"position\":3,\"name\":\"Knipex 74 22 200 A\u011f\u0131r Hizmet Yan Keski\"}]},{\"@type\":\"WebSite\",\"@id\":\"https:\\\/\\\/www.elaletisepeti.com\\\/#website\",\"url\":\"https:\\\/\\\/www.elaletisepeti.com\\\/\",\"name\":\"El Aleti Sepeti\",\"description\":\"El Aletleri, Knipex Pense, Knipex Kerpeten, Knipex Kargaburun,  Kn\u0131pex  Yankeski, Kn\u0131pex Boru Kesme, Knipex Kablo S\u0131y\u0131rma, Knipex  El Aletleri\",\"potentialAction\":[{\"@type\":\"SearchAction\",\"target\":{\"@type\":\"EntryPoint\",\"urlTemplate\":\"https:\\\/\\\/www.elaletisepeti.com\\\/?s={search_term_string}\"},\"query-input\":{\"@type\":\"PropertyValueSpecification\",\"valueRequired\":true,\"valueName\":\"search_term_string\"}}],\"inLanguage\":\"tr\"}]}<\/script>\n<!-- \/ Yoast SEO plugin. -->","yoast_head_json":{"title":"Knipex 74 22 200 A\u011f\u0131r Hizmet Yan Keski - El Aleti Sepeti","description":"Knipex 74 22 200 a\u011f\u0131r hizmet yan keski ile sert ve kal\u0131n telleri kolayca kesin. Y\u00fcksek kesme g\u00fcc\u00fc ve uzun \u00f6m\u00fcrl\u00fc kullan\u0131m sunar.","robots":{"index":"index","follow":"follow","max-snippet":"max-snippet:-1","max-image-preview":"max-image-preview:large","max-video-preview":"max-video-preview:-1"},"canonical":"https:\/\/www.elaletisepeti.com\/?product=knipex-74-22-200-agir-hizmet-yan-keski","og_locale":"tr_TR","og_type":"article","og_title":"Knipex 74 22 200 A\u011f\u0131r Hizmet Yan Keski - El Aleti Sepeti","og_description":"Knipex 74 22 200 a\u011f\u0131r hizmet yan keski ile sert ve kal\u0131n telleri kolayca kesin. Y\u00fcksek kesme g\u00fcc\u00fc ve uzun \u00f6m\u00fcrl\u00fc kullan\u0131m sunar.","og_url":"https:\/\/www.elaletisepeti.com\/?product=knipex-74-22-200-agir-hizmet-yan-keski","og_site_name":"El Aleti Sepeti","og_image":[{"width":1000,"height":1000,"url":"https:\/\/www.elaletisepeti.com\/wp-content\/uploads\/2026\/04\/Knipex-74-22-200-.jpg","type":"image\/jpeg"}],"twitter_card":"summary_large_image","twitter_misc":{"Tahmini okuma s\u00fcresi":"1 dakika"},"schema":{"@context":"https:\/\/schema.org","@graph":[{"@type":"WebPage","@id":"https:\/\/www.elaletisepeti.com\/?product=knipex-74-22-200-agir-hizmet-yan-keski","url":"https:\/\/www.elaletisepeti.com\/?product=knipex-74-22-200-agir-hizmet-yan-keski","name":"Knipex 74 22 200 A\u011f\u0131r Hizmet Yan Keski - El Aleti Sepeti","isPartOf":{"@id":"https:\/\/www.elaletisepeti.com\/#website"},"primaryImageOfPage":{"@id":"https:\/\/www.elaletisepeti.com\/?product=knipex-74-22-200-agir-hizmet-yan-keski#primaryimage"},"image":{"@id":"https:\/\/www.elaletisepeti.com\/?product=knipex-74-22-200-agir-hizmet-yan-keski#primaryimage"},"thumbnailUrl":"https:\/\/www.elaletisepeti.com\/wp-content\/uploads\/2026\/04\/Knipex-74-22-200-.jpg","datePublished":"2026-04-12T13:57:06+00:00","description":"Knipex 74 22 200 a\u011f\u0131r hizmet yan keski ile sert ve kal\u0131n telleri kolayca kesin. Y\u00fcksek kesme g\u00fcc\u00fc ve uzun \u00f6m\u00fcrl\u00fc kullan\u0131m sunar.","breadcrumb":{"@id":"https:\/\/www.elaletisepeti.com\/?product=knipex-74-22-200-agir-hizmet-yan-keski#breadcrumb"},"inLanguage":"tr","potentialAction":[{"@type":"ReadAction","target":["https:\/\/www.elaletisepeti.com\/?product=knipex-74-22-200-agir-hizmet-yan-keski"]}]},{"@type":"ImageObject","inLanguage":"tr","@id":"https:\/\/www.elaletisepeti.com\/?product=knipex-74-22-200-agir-hizmet-yan-keski#primaryimage","url":"https:\/\/www.elaletisepeti.com\/wp-content\/uploads\/2026\/04\/Knipex-74-22-200-.jpg","contentUrl":"https:\/\/www.elaletisepeti.com\/wp-content\/uploads\/2026\/04\/Knipex-74-22-200-.jpg","width":1000,"height":1000},{"@type":"BreadcrumbList","@id":"https:\/\/www.elaletisepeti.com\/?product=knipex-74-22-200-agir-hizmet-yan-keski#breadcrumb","itemListElement":[{"@type":"ListItem","position":1,"name":"Anasayfa","item":"https:\/\/www.elaletisepeti.com\/"},{"@type":"ListItem","position":2,"name":"Shop","item":"https:\/\/www.elaletisepeti.com\/?page_id=7"},{"@type":"ListItem","position":3,"name":"Knipex 74 22 200 A\u011f\u0131r Hizmet Yan Keski"}]},{"@type":"WebSite","@id":"https:\/\/www.elaletisepeti.com\/#website","url":"https:\/\/www.elaletisepeti.com\/","name":"El Aleti Sepeti","description":"El Aletleri, Knipex Pense, Knipex Kerpeten, Knipex Kargaburun,  Kn\u0131pex  Yankeski, Kn\u0131pex Boru Kesme, Knipex Kablo S\u0131y\u0131rma, Knipex  El Aletleri","potentialAction":[{"@type":"SearchAction","target":{"@type":"EntryPoint","urlTemplate":"https:\/\/www.elaletisepeti.com\/?s={search_term_string}"},"query-input":{"@type":"PropertyValueSpecification","valueRequired":true,"valueName":"search_term_string"}}],"inLanguage":"tr"}]}},"_links":{"self":[{"href":"https:\/\/www.elaletisepeti.com\/index.php?rest_route=\/wp\/v2\/product\/19851","targetHints":{"allow":["GET"]}}],"collection":[{"href":"https:\/\/www.elaletisepeti.com\/index.php?rest_route=\/wp\/v2\/product"}],"about":[{"href":"https:\/\/www.elaletisepeti.com\/index.php?rest_route=\/wp\/v2\/types\/product"}],"wp:featuredmedia":[{"embeddable":true,"href":"https:\/\/www.elaletisepeti.com\/index.php?rest_route=\/wp\/v2\/media\/19853"}],"wp:attachment":[{"href":"https:\/\/www.elaletisepeti.com\/index.php?rest_route=%2Fwp%2Fv2%2Fmedia&parent=19851"}],"wp:term":[{"taxonomy":"product_brand","embeddable":true,"href":"https:\/\/www.elaletisepeti.com\/index.php?rest_route=%2Fwp%2Fv2%2Fproduct_brand&post=19851"},{"taxonomy":"product_cat","embeddable":true,"href":"https:\/\/www.elaletisepeti.com\/index.php?rest_route=%2Fwp%2Fv2%2Fproduct_cat&post=19851"},{"taxonomy":"product_tag","embeddable":true,"href":"https:\/\/www.elaletisepeti.com\/index.php?rest_route=%2Fwp%2Fv2%2Fproduct_tag&post=19851"}],"curies":[{"name":"wp","href":"https:\/\/api.w.org\/{rel}","templated":true}]}}