{"id":19579,"date":"2026-03-01T08:07:12","date_gmt":"2026-03-01T08:07:12","guid":{"rendered":"https:\/\/www.elaletisepeti.com\/?post_type=product&#038;p=19579"},"modified":"2026-03-01T08:07:12","modified_gmt":"2026-03-01T08:07:12","slug":"bosch-torx-alyan-anahtar-takimi","status":"publish","type":"product","link":"https:\/\/www.elaletisepeti.com\/?product=bosch-torx-alyan-anahtar-takimi","title":{"rendered":"Bosch Torx Alyan Anahtar Tak\u0131m\u0131"},"content":{"rendered":"<p><strong>Bosch Torx Alyan Anahtar Tak\u0131m\u0131 9.Pr\u00e7 1 600 A01 TH4<\/strong><\/p>\n<p>Profil: Torx<\/p>\n<p>Malzeme: S2<\/p>\n<p>A\u011f\u0131rl\u0131k: 0,360 gr<\/p>\n<p>&nbsp;<\/p>\n","protected":false},"excerpt":{"rendered":"<ul>\n<li>Profesyonel kullan\u0131m i\u00e7in esnek ve sa\u011flam tasar\u0131ma sahip TX anahtar seti<\/li>\n<li>S2 sertle\u015ftirilmi\u015f \u00e7elik ve \u015faft tasar\u0131m\u0131 &#8220;yuvarlanmaz&#8221; ve uzun \u00f6m\u00fcrl\u00fc optimum tork sa\u011flar.<\/li>\n<li>Rahat uzunluk, daha fazla tork ve vidalar\u0131n rahat\u00e7a s\u0131k\u0131lmas\u0131 ve gev\u015fetilmesi i\u00e7in ek kald\u0131ra\u00e7 sa\u011flar.<\/li>\n<li>TX anahtarlar\u0131, hem h\u0131zl\u0131 tan\u0131mlamaya hem de d\u00fczeni rahat\u00e7a korumaya olanak tan\u0131yan kolay eri\u015filebilir bir \u00e7antada sunulur.<\/li>\n<\/ul>\n","protected":false},"featured_media":19581,"template":"","meta":{"_joinchat":[]},"product_brand":[2270],"product_cat":[2244],"product_tag":[2279,2280,2281],"class_list":{"0":"post-19579","1":"product","2":"type-product","3":"status-publish","4":"has-post-thumbnail","6":"product_brand-bosch","7":"product_cat-allen-anahtarlar","8":"product_tag-alyan-anahtar-seti","9":"product_tag-bosch-1-600-a01-th4","10":"product_tag-bosch-torx-alyan-anahtar-seti","13":"first","14":"instock","15":"shipping-taxable","16":"product-type-simple"},"yoast_head":"<!-- This site is optimized with the Yoast SEO plugin v27.3 - https:\/\/yoast.com\/product\/yoast-seo-wordpress\/ -->\n<title>Bosch Torx Alyan Anahtar Tak\u0131m\u0131 - El Aleti Sepeti<\/title>\n<meta name=\"description\" content=\"Bosch Torx Alyan Anahtar Tak\u0131m\u0131 9 Par\u00e7a 1 600 A01 TH4, dayan\u0131kl\u0131 \u00e7elik yap\u0131s\u0131 ve ergonomik tasar\u0131m\u0131yla profesyonel ve hobi kullan\u0131m\u0131 i\u00e7in ideal.\" \/>\n<meta name=\"robots\" content=\"index, follow, max-snippet:-1, max-image-preview:large, max-video-preview:-1\" \/>\n<link rel=\"canonical\" href=\"https:\/\/www.elaletisepeti.com\/?product=bosch-torx-alyan-anahtar-takimi\" \/>\n<meta property=\"og:locale\" content=\"tr_TR\" \/>\n<meta property=\"og:type\" content=\"article\" \/>\n<meta property=\"og:title\" content=\"Bosch Torx Alyan Anahtar Tak\u0131m\u0131 - El Aleti Sepeti\" \/>\n<meta property=\"og:description\" content=\"Bosch Torx Alyan Anahtar Tak\u0131m\u0131 9 Par\u00e7a 1 600 A01 TH4, dayan\u0131kl\u0131 \u00e7elik yap\u0131s\u0131 ve ergonomik tasar\u0131m\u0131yla profesyonel ve hobi kullan\u0131m\u0131 i\u00e7in ideal.\" \/>\n<meta property=\"og:url\" content=\"https:\/\/www.elaletisepeti.com\/?product=bosch-torx-alyan-anahtar-takimi\" \/>\n<meta property=\"og:site_name\" content=\"El Aleti Sepeti\" \/>\n<meta property=\"og:image\" content=\"https:\/\/www.elaletisepeti.com\/wp-content\/uploads\/2026\/03\/Bosch-1-600-A01-TH4-12.jpg\" \/>\n\t<meta property=\"og:image:width\" content=\"1000\" \/>\n\t<meta property=\"og:image:height\" content=\"1000\" \/>\n\t<meta property=\"og:image:type\" content=\"image\/jpeg\" \/>\n<meta name=\"twitter:card\" content=\"summary_large_image\" \/>\n<meta name=\"twitter:label1\" content=\"Tahmini okuma s\u00fcresi\" \/>\n\t<meta name=\"twitter:data1\" content=\"1 dakika\" \/>\n<script type=\"application\/ld+json\" class=\"yoast-schema-graph\">{\"@context\":\"https:\\\/\\\/schema.org\",\"@graph\":[{\"@type\":\"WebPage\",\"@id\":\"https:\\\/\\\/www.elaletisepeti.com\\\/?product=bosch-torx-alyan-anahtar-takimi\",\"url\":\"https:\\\/\\\/www.elaletisepeti.com\\\/?product=bosch-torx-alyan-anahtar-takimi\",\"name\":\"Bosch Torx Alyan Anahtar Tak\u0131m\u0131 - El Aleti Sepeti\",\"isPartOf\":{\"@id\":\"https:\\\/\\\/www.elaletisepeti.com\\\/#website\"},\"primaryImageOfPage\":{\"@id\":\"https:\\\/\\\/www.elaletisepeti.com\\\/?product=bosch-torx-alyan-anahtar-takimi#primaryimage\"},\"image\":{\"@id\":\"https:\\\/\\\/www.elaletisepeti.com\\\/?product=bosch-torx-alyan-anahtar-takimi#primaryimage\"},\"thumbnailUrl\":\"https:\\\/\\\/www.elaletisepeti.com\\\/wp-content\\\/uploads\\\/2026\\\/03\\\/Bosch-1-600-A01-TH4-12.jpg\",\"datePublished\":\"2026-03-01T08:07:12+00:00\",\"description\":\"Bosch Torx Alyan Anahtar Tak\u0131m\u0131 9 Par\u00e7a 1 600 A01 TH4, dayan\u0131kl\u0131 \u00e7elik yap\u0131s\u0131 ve ergonomik tasar\u0131m\u0131yla profesyonel ve hobi kullan\u0131m\u0131 i\u00e7in ideal.\",\"breadcrumb\":{\"@id\":\"https:\\\/\\\/www.elaletisepeti.com\\\/?product=bosch-torx-alyan-anahtar-takimi#breadcrumb\"},\"inLanguage\":\"tr\",\"potentialAction\":[{\"@type\":\"ReadAction\",\"target\":[\"https:\\\/\\\/www.elaletisepeti.com\\\/?product=bosch-torx-alyan-anahtar-takimi\"]}]},{\"@type\":\"ImageObject\",\"inLanguage\":\"tr\",\"@id\":\"https:\\\/\\\/www.elaletisepeti.com\\\/?product=bosch-torx-alyan-anahtar-takimi#primaryimage\",\"url\":\"https:\\\/\\\/www.elaletisepeti.com\\\/wp-content\\\/uploads\\\/2026\\\/03\\\/Bosch-1-600-A01-TH4-12.jpg\",\"contentUrl\":\"https:\\\/\\\/www.elaletisepeti.com\\\/wp-content\\\/uploads\\\/2026\\\/03\\\/Bosch-1-600-A01-TH4-12.jpg\",\"width\":1000,\"height\":1000},{\"@type\":\"BreadcrumbList\",\"@id\":\"https:\\\/\\\/www.elaletisepeti.com\\\/?product=bosch-torx-alyan-anahtar-takimi#breadcrumb\",\"itemListElement\":[{\"@type\":\"ListItem\",\"position\":1,\"name\":\"Anasayfa\",\"item\":\"https:\\\/\\\/www.elaletisepeti.com\\\/\"},{\"@type\":\"ListItem\",\"position\":2,\"name\":\"Shop\",\"item\":\"https:\\\/\\\/www.elaletisepeti.com\\\/?page_id=7\"},{\"@type\":\"ListItem\",\"position\":3,\"name\":\"Bosch Torx Alyan Anahtar Tak\u0131m\u0131\"}]},{\"@type\":\"WebSite\",\"@id\":\"https:\\\/\\\/www.elaletisepeti.com\\\/#website\",\"url\":\"https:\\\/\\\/www.elaletisepeti.com\\\/\",\"name\":\"El Aleti Sepeti\",\"description\":\"El Aletleri, Knipex Pense, Knipex Kerpeten, Knipex Kargaburun,  Kn\u0131pex  Yankeski, Kn\u0131pex Boru Kesme, Knipex Kablo S\u0131y\u0131rma, Knipex  El Aletleri\",\"potentialAction\":[{\"@type\":\"SearchAction\",\"target\":{\"@type\":\"EntryPoint\",\"urlTemplate\":\"https:\\\/\\\/www.elaletisepeti.com\\\/?s={search_term_string}\"},\"query-input\":{\"@type\":\"PropertyValueSpecification\",\"valueRequired\":true,\"valueName\":\"search_term_string\"}}],\"inLanguage\":\"tr\"}]}<\/script>\n<!-- \/ Yoast SEO plugin. -->","yoast_head_json":{"title":"Bosch Torx Alyan Anahtar Tak\u0131m\u0131 - El Aleti Sepeti","description":"Bosch Torx Alyan Anahtar Tak\u0131m\u0131 9 Par\u00e7a 1 600 A01 TH4, dayan\u0131kl\u0131 \u00e7elik yap\u0131s\u0131 ve ergonomik tasar\u0131m\u0131yla profesyonel ve hobi kullan\u0131m\u0131 i\u00e7in ideal.","robots":{"index":"index","follow":"follow","max-snippet":"max-snippet:-1","max-image-preview":"max-image-preview:large","max-video-preview":"max-video-preview:-1"},"canonical":"https:\/\/www.elaletisepeti.com\/?product=bosch-torx-alyan-anahtar-takimi","og_locale":"tr_TR","og_type":"article","og_title":"Bosch Torx Alyan Anahtar Tak\u0131m\u0131 - El Aleti Sepeti","og_description":"Bosch Torx Alyan Anahtar Tak\u0131m\u0131 9 Par\u00e7a 1 600 A01 TH4, dayan\u0131kl\u0131 \u00e7elik yap\u0131s\u0131 ve ergonomik tasar\u0131m\u0131yla profesyonel ve hobi kullan\u0131m\u0131 i\u00e7in ideal.","og_url":"https:\/\/www.elaletisepeti.com\/?product=bosch-torx-alyan-anahtar-takimi","og_site_name":"El Aleti Sepeti","og_image":[{"width":1000,"height":1000,"url":"https:\/\/www.elaletisepeti.com\/wp-content\/uploads\/2026\/03\/Bosch-1-600-A01-TH4-12.jpg","type":"image\/jpeg"}],"twitter_card":"summary_large_image","twitter_misc":{"Tahmini okuma s\u00fcresi":"1 dakika"},"schema":{"@context":"https:\/\/schema.org","@graph":[{"@type":"WebPage","@id":"https:\/\/www.elaletisepeti.com\/?product=bosch-torx-alyan-anahtar-takimi","url":"https:\/\/www.elaletisepeti.com\/?product=bosch-torx-alyan-anahtar-takimi","name":"Bosch Torx Alyan Anahtar Tak\u0131m\u0131 - El Aleti Sepeti","isPartOf":{"@id":"https:\/\/www.elaletisepeti.com\/#website"},"primaryImageOfPage":{"@id":"https:\/\/www.elaletisepeti.com\/?product=bosch-torx-alyan-anahtar-takimi#primaryimage"},"image":{"@id":"https:\/\/www.elaletisepeti.com\/?product=bosch-torx-alyan-anahtar-takimi#primaryimage"},"thumbnailUrl":"https:\/\/www.elaletisepeti.com\/wp-content\/uploads\/2026\/03\/Bosch-1-600-A01-TH4-12.jpg","datePublished":"2026-03-01T08:07:12+00:00","description":"Bosch Torx Alyan Anahtar Tak\u0131m\u0131 9 Par\u00e7a 1 600 A01 TH4, dayan\u0131kl\u0131 \u00e7elik yap\u0131s\u0131 ve ergonomik tasar\u0131m\u0131yla profesyonel ve hobi kullan\u0131m\u0131 i\u00e7in ideal.","breadcrumb":{"@id":"https:\/\/www.elaletisepeti.com\/?product=bosch-torx-alyan-anahtar-takimi#breadcrumb"},"inLanguage":"tr","potentialAction":[{"@type":"ReadAction","target":["https:\/\/www.elaletisepeti.com\/?product=bosch-torx-alyan-anahtar-takimi"]}]},{"@type":"ImageObject","inLanguage":"tr","@id":"https:\/\/www.elaletisepeti.com\/?product=bosch-torx-alyan-anahtar-takimi#primaryimage","url":"https:\/\/www.elaletisepeti.com\/wp-content\/uploads\/2026\/03\/Bosch-1-600-A01-TH4-12.jpg","contentUrl":"https:\/\/www.elaletisepeti.com\/wp-content\/uploads\/2026\/03\/Bosch-1-600-A01-TH4-12.jpg","width":1000,"height":1000},{"@type":"BreadcrumbList","@id":"https:\/\/www.elaletisepeti.com\/?product=bosch-torx-alyan-anahtar-takimi#breadcrumb","itemListElement":[{"@type":"ListItem","position":1,"name":"Anasayfa","item":"https:\/\/www.elaletisepeti.com\/"},{"@type":"ListItem","position":2,"name":"Shop","item":"https:\/\/www.elaletisepeti.com\/?page_id=7"},{"@type":"ListItem","position":3,"name":"Bosch Torx Alyan Anahtar Tak\u0131m\u0131"}]},{"@type":"WebSite","@id":"https:\/\/www.elaletisepeti.com\/#website","url":"https:\/\/www.elaletisepeti.com\/","name":"El Aleti Sepeti","description":"El Aletleri, Knipex Pense, Knipex Kerpeten, Knipex Kargaburun,  Kn\u0131pex  Yankeski, Kn\u0131pex Boru Kesme, Knipex Kablo S\u0131y\u0131rma, Knipex  El Aletleri","potentialAction":[{"@type":"SearchAction","target":{"@type":"EntryPoint","urlTemplate":"https:\/\/www.elaletisepeti.com\/?s={search_term_string}"},"query-input":{"@type":"PropertyValueSpecification","valueRequired":true,"valueName":"search_term_string"}}],"inLanguage":"tr"}]}},"_links":{"self":[{"href":"https:\/\/www.elaletisepeti.com\/index.php?rest_route=\/wp\/v2\/product\/19579","targetHints":{"allow":["GET"]}}],"collection":[{"href":"https:\/\/www.elaletisepeti.com\/index.php?rest_route=\/wp\/v2\/product"}],"about":[{"href":"https:\/\/www.elaletisepeti.com\/index.php?rest_route=\/wp\/v2\/types\/product"}],"wp:featuredmedia":[{"embeddable":true,"href":"https:\/\/www.elaletisepeti.com\/index.php?rest_route=\/wp\/v2\/media\/19581"}],"wp:attachment":[{"href":"https:\/\/www.elaletisepeti.com\/index.php?rest_route=%2Fwp%2Fv2%2Fmedia&parent=19579"}],"wp:term":[{"taxonomy":"product_brand","embeddable":true,"href":"https:\/\/www.elaletisepeti.com\/index.php?rest_route=%2Fwp%2Fv2%2Fproduct_brand&post=19579"},{"taxonomy":"product_cat","embeddable":true,"href":"https:\/\/www.elaletisepeti.com\/index.php?rest_route=%2Fwp%2Fv2%2Fproduct_cat&post=19579"},{"taxonomy":"product_tag","embeddable":true,"href":"https:\/\/www.elaletisepeti.com\/index.php?rest_route=%2Fwp%2Fv2%2Fproduct_tag&post=19579"}],"curies":[{"name":"wp","href":"https:\/\/api.w.org\/{rel}","templated":true}]}}