{"id":19567,"date":"2026-02-15T16:51:33","date_gmt":"2026-02-15T16:51:33","guid":{"rendered":"https:\/\/www.elaletisepeti.com\/?post_type=product&#038;p=19567"},"modified":"2026-03-01T08:03:43","modified_gmt":"2026-03-01T08:03:43","slug":"bosch-allen-anahtar-takimi","status":"publish","type":"product","link":"https:\/\/www.elaletisepeti.com\/?product=bosch-allen-anahtar-takimi","title":{"rendered":"Bosch Alyan Anahtar Tak\u0131m\u0131"},"content":{"rendered":"<p>Bosch Alyan Anahtar Tak\u0131m\u0131 9.Pr\u00e7 1 600 A01 TH5<\/p>\n<p>Profi: Alt\u0131gen<\/p>\n<p>Malzeme: S2<\/p>\n<p>A\u011f\u0131rl\u0131k:0.360.gr<\/p>\n<p>&nbsp;<\/p>\n","protected":false},"excerpt":{"rendered":"<ul>\n<li>Profesyonel kullan\u0131m i\u00e7in sa\u011flam ve esnek tasar\u0131ma sahip alyan anahtar\u0131 tak\u0131m\u0131<\/li>\n<li>S2 sertle\u015ftirilmi\u015f \u00e7elik ve \u015faft tasar\u0131m\u0131 ile &#8220;yuvarlanmaz&#8221; ve uzun \u00f6m\u00fcrl\u00fc optimum tork sa\u011flar.<\/li>\n<li>Bilyeli u\u00e7lar ula\u015f\u0131lmas\u0131 zor alanlarda rahat\u00e7a \u00e7al\u0131\u015fmay\u0131 sa\u011flar.<\/li>\n<li>Rahat uzunluk, daha fazla tork ve vidalar\u0131n rahat\u00e7a s\u0131k\u0131lmas\u0131 ve gev\u015fetilmesi i\u00e7in ek kald\u0131ra\u00e7 sa\u011flar.<\/li>\n<\/ul>\n","protected":false},"featured_media":19575,"template":"","meta":{"_joinchat":[]},"product_brand":[2270],"product_cat":[2244],"product_tag":[2278,2276,2277],"class_list":{"0":"post-19567","1":"product","2":"type-product","3":"status-publish","4":"has-post-thumbnail","6":"product_brand-bosch","7":"product_cat-allen-anahtarlar","8":"product_tag-allen-anahtar-seti","9":"product_tag-bosch-1-600-a01-th5","10":"product_tag-bosch-allen-anahtar-takimi","13":"first","14":"instock","15":"shipping-taxable","16":"product-type-simple"},"yoast_head":"<!-- This site is optimized with the Yoast SEO plugin v27.3 - https:\/\/yoast.com\/product\/yoast-seo-wordpress\/ -->\n<title>Bosch Alyan Anahtar Tak\u0131m\u0131 - El Aleti Sepeti<\/title>\n<meta name=\"description\" content=\"Bosch 1 600 A01 TH5 9\u2019lu Alyan anahtar seti, y\u00fcksek tork dayan\u0131m\u0131 ve uzun \u00f6m\u00fcrl\u00fc malzemesiyle tamir ve montaj i\u015flerinizde g\u00fcven verir.\" \/>\n<meta name=\"robots\" content=\"index, follow, max-snippet:-1, max-image-preview:large, max-video-preview:-1\" \/>\n<link rel=\"canonical\" href=\"https:\/\/www.elaletisepeti.com\/?product=bosch-allen-anahtar-takimi\" \/>\n<meta property=\"og:locale\" content=\"tr_TR\" \/>\n<meta property=\"og:type\" content=\"article\" \/>\n<meta property=\"og:title\" content=\"Bosch Alyan Anahtar Tak\u0131m\u0131 - El Aleti Sepeti\" \/>\n<meta property=\"og:description\" content=\"Bosch 1 600 A01 TH5 9\u2019lu Alyan anahtar seti, y\u00fcksek tork dayan\u0131m\u0131 ve uzun \u00f6m\u00fcrl\u00fc malzemesiyle tamir ve montaj i\u015flerinizde g\u00fcven verir.\" \/>\n<meta property=\"og:url\" content=\"https:\/\/www.elaletisepeti.com\/?product=bosch-allen-anahtar-takimi\" \/>\n<meta property=\"og:site_name\" content=\"El Aleti Sepeti\" \/>\n<meta property=\"article:modified_time\" content=\"2026-03-01T08:03:43+00:00\" \/>\n<meta property=\"og:image\" content=\"https:\/\/www.elaletisepeti.com\/wp-content\/uploads\/2026\/02\/Bosch-1-600-A01-TH5-123.jpg\" \/>\n\t<meta property=\"og:image:width\" content=\"1000\" \/>\n\t<meta property=\"og:image:height\" content=\"1000\" \/>\n\t<meta property=\"og:image:type\" content=\"image\/jpeg\" \/>\n<meta name=\"twitter:card\" content=\"summary_large_image\" \/>\n<meta name=\"twitter:label1\" content=\"Tahmini okuma s\u00fcresi\" \/>\n\t<meta name=\"twitter:data1\" content=\"1 dakika\" \/>\n<script type=\"application\/ld+json\" class=\"yoast-schema-graph\">{\"@context\":\"https:\\\/\\\/schema.org\",\"@graph\":[{\"@type\":\"WebPage\",\"@id\":\"https:\\\/\\\/www.elaletisepeti.com\\\/?product=bosch-allen-anahtar-takimi\",\"url\":\"https:\\\/\\\/www.elaletisepeti.com\\\/?product=bosch-allen-anahtar-takimi\",\"name\":\"Bosch Alyan Anahtar Tak\u0131m\u0131 - El Aleti Sepeti\",\"isPartOf\":{\"@id\":\"https:\\\/\\\/www.elaletisepeti.com\\\/#website\"},\"primaryImageOfPage\":{\"@id\":\"https:\\\/\\\/www.elaletisepeti.com\\\/?product=bosch-allen-anahtar-takimi#primaryimage\"},\"image\":{\"@id\":\"https:\\\/\\\/www.elaletisepeti.com\\\/?product=bosch-allen-anahtar-takimi#primaryimage\"},\"thumbnailUrl\":\"https:\\\/\\\/www.elaletisepeti.com\\\/wp-content\\\/uploads\\\/2026\\\/02\\\/Bosch-1-600-A01-TH5-123.jpg\",\"datePublished\":\"2026-02-15T16:51:33+00:00\",\"dateModified\":\"2026-03-01T08:03:43+00:00\",\"description\":\"Bosch 1 600 A01 TH5 9\u2019lu Alyan anahtar seti, y\u00fcksek tork dayan\u0131m\u0131 ve uzun \u00f6m\u00fcrl\u00fc malzemesiyle tamir ve montaj i\u015flerinizde g\u00fcven verir.\",\"breadcrumb\":{\"@id\":\"https:\\\/\\\/www.elaletisepeti.com\\\/?product=bosch-allen-anahtar-takimi#breadcrumb\"},\"inLanguage\":\"tr\",\"potentialAction\":[{\"@type\":\"ReadAction\",\"target\":[\"https:\\\/\\\/www.elaletisepeti.com\\\/?product=bosch-allen-anahtar-takimi\"]}]},{\"@type\":\"ImageObject\",\"inLanguage\":\"tr\",\"@id\":\"https:\\\/\\\/www.elaletisepeti.com\\\/?product=bosch-allen-anahtar-takimi#primaryimage\",\"url\":\"https:\\\/\\\/www.elaletisepeti.com\\\/wp-content\\\/uploads\\\/2026\\\/02\\\/Bosch-1-600-A01-TH5-123.jpg\",\"contentUrl\":\"https:\\\/\\\/www.elaletisepeti.com\\\/wp-content\\\/uploads\\\/2026\\\/02\\\/Bosch-1-600-A01-TH5-123.jpg\",\"width\":1000,\"height\":1000},{\"@type\":\"BreadcrumbList\",\"@id\":\"https:\\\/\\\/www.elaletisepeti.com\\\/?product=bosch-allen-anahtar-takimi#breadcrumb\",\"itemListElement\":[{\"@type\":\"ListItem\",\"position\":1,\"name\":\"Anasayfa\",\"item\":\"https:\\\/\\\/www.elaletisepeti.com\\\/\"},{\"@type\":\"ListItem\",\"position\":2,\"name\":\"Shop\",\"item\":\"https:\\\/\\\/www.elaletisepeti.com\\\/?page_id=7\"},{\"@type\":\"ListItem\",\"position\":3,\"name\":\"Bosch Alyan Anahtar Tak\u0131m\u0131\"}]},{\"@type\":\"WebSite\",\"@id\":\"https:\\\/\\\/www.elaletisepeti.com\\\/#website\",\"url\":\"https:\\\/\\\/www.elaletisepeti.com\\\/\",\"name\":\"El Aleti Sepeti\",\"description\":\"El Aletleri, Knipex Pense, Knipex Kerpeten, Knipex Kargaburun,  Kn\u0131pex  Yankeski, Kn\u0131pex Boru Kesme, Knipex Kablo S\u0131y\u0131rma, Knipex  El Aletleri\",\"potentialAction\":[{\"@type\":\"SearchAction\",\"target\":{\"@type\":\"EntryPoint\",\"urlTemplate\":\"https:\\\/\\\/www.elaletisepeti.com\\\/?s={search_term_string}\"},\"query-input\":{\"@type\":\"PropertyValueSpecification\",\"valueRequired\":true,\"valueName\":\"search_term_string\"}}],\"inLanguage\":\"tr\"}]}<\/script>\n<!-- \/ Yoast SEO plugin. -->","yoast_head_json":{"title":"Bosch Alyan Anahtar Tak\u0131m\u0131 - El Aleti Sepeti","description":"Bosch 1 600 A01 TH5 9\u2019lu Alyan anahtar seti, y\u00fcksek tork dayan\u0131m\u0131 ve uzun \u00f6m\u00fcrl\u00fc malzemesiyle tamir ve montaj i\u015flerinizde g\u00fcven verir.","robots":{"index":"index","follow":"follow","max-snippet":"max-snippet:-1","max-image-preview":"max-image-preview:large","max-video-preview":"max-video-preview:-1"},"canonical":"https:\/\/www.elaletisepeti.com\/?product=bosch-allen-anahtar-takimi","og_locale":"tr_TR","og_type":"article","og_title":"Bosch Alyan Anahtar Tak\u0131m\u0131 - El Aleti Sepeti","og_description":"Bosch 1 600 A01 TH5 9\u2019lu Alyan anahtar seti, y\u00fcksek tork dayan\u0131m\u0131 ve uzun \u00f6m\u00fcrl\u00fc malzemesiyle tamir ve montaj i\u015flerinizde g\u00fcven verir.","og_url":"https:\/\/www.elaletisepeti.com\/?product=bosch-allen-anahtar-takimi","og_site_name":"El Aleti Sepeti","article_modified_time":"2026-03-01T08:03:43+00:00","og_image":[{"width":1000,"height":1000,"url":"https:\/\/www.elaletisepeti.com\/wp-content\/uploads\/2026\/02\/Bosch-1-600-A01-TH5-123.jpg","type":"image\/jpeg"}],"twitter_card":"summary_large_image","twitter_misc":{"Tahmini okuma s\u00fcresi":"1 dakika"},"schema":{"@context":"https:\/\/schema.org","@graph":[{"@type":"WebPage","@id":"https:\/\/www.elaletisepeti.com\/?product=bosch-allen-anahtar-takimi","url":"https:\/\/www.elaletisepeti.com\/?product=bosch-allen-anahtar-takimi","name":"Bosch Alyan Anahtar Tak\u0131m\u0131 - El Aleti Sepeti","isPartOf":{"@id":"https:\/\/www.elaletisepeti.com\/#website"},"primaryImageOfPage":{"@id":"https:\/\/www.elaletisepeti.com\/?product=bosch-allen-anahtar-takimi#primaryimage"},"image":{"@id":"https:\/\/www.elaletisepeti.com\/?product=bosch-allen-anahtar-takimi#primaryimage"},"thumbnailUrl":"https:\/\/www.elaletisepeti.com\/wp-content\/uploads\/2026\/02\/Bosch-1-600-A01-TH5-123.jpg","datePublished":"2026-02-15T16:51:33+00:00","dateModified":"2026-03-01T08:03:43+00:00","description":"Bosch 1 600 A01 TH5 9\u2019lu Alyan anahtar seti, y\u00fcksek tork dayan\u0131m\u0131 ve uzun \u00f6m\u00fcrl\u00fc malzemesiyle tamir ve montaj i\u015flerinizde g\u00fcven verir.","breadcrumb":{"@id":"https:\/\/www.elaletisepeti.com\/?product=bosch-allen-anahtar-takimi#breadcrumb"},"inLanguage":"tr","potentialAction":[{"@type":"ReadAction","target":["https:\/\/www.elaletisepeti.com\/?product=bosch-allen-anahtar-takimi"]}]},{"@type":"ImageObject","inLanguage":"tr","@id":"https:\/\/www.elaletisepeti.com\/?product=bosch-allen-anahtar-takimi#primaryimage","url":"https:\/\/www.elaletisepeti.com\/wp-content\/uploads\/2026\/02\/Bosch-1-600-A01-TH5-123.jpg","contentUrl":"https:\/\/www.elaletisepeti.com\/wp-content\/uploads\/2026\/02\/Bosch-1-600-A01-TH5-123.jpg","width":1000,"height":1000},{"@type":"BreadcrumbList","@id":"https:\/\/www.elaletisepeti.com\/?product=bosch-allen-anahtar-takimi#breadcrumb","itemListElement":[{"@type":"ListItem","position":1,"name":"Anasayfa","item":"https:\/\/www.elaletisepeti.com\/"},{"@type":"ListItem","position":2,"name":"Shop","item":"https:\/\/www.elaletisepeti.com\/?page_id=7"},{"@type":"ListItem","position":3,"name":"Bosch Alyan Anahtar Tak\u0131m\u0131"}]},{"@type":"WebSite","@id":"https:\/\/www.elaletisepeti.com\/#website","url":"https:\/\/www.elaletisepeti.com\/","name":"El Aleti Sepeti","description":"El Aletleri, Knipex Pense, Knipex Kerpeten, Knipex Kargaburun,  Kn\u0131pex  Yankeski, Kn\u0131pex Boru Kesme, Knipex Kablo S\u0131y\u0131rma, Knipex  El Aletleri","potentialAction":[{"@type":"SearchAction","target":{"@type":"EntryPoint","urlTemplate":"https:\/\/www.elaletisepeti.com\/?s={search_term_string}"},"query-input":{"@type":"PropertyValueSpecification","valueRequired":true,"valueName":"search_term_string"}}],"inLanguage":"tr"}]}},"_links":{"self":[{"href":"https:\/\/www.elaletisepeti.com\/index.php?rest_route=\/wp\/v2\/product\/19567","targetHints":{"allow":["GET"]}}],"collection":[{"href":"https:\/\/www.elaletisepeti.com\/index.php?rest_route=\/wp\/v2\/product"}],"about":[{"href":"https:\/\/www.elaletisepeti.com\/index.php?rest_route=\/wp\/v2\/types\/product"}],"wp:featuredmedia":[{"embeddable":true,"href":"https:\/\/www.elaletisepeti.com\/index.php?rest_route=\/wp\/v2\/media\/19575"}],"wp:attachment":[{"href":"https:\/\/www.elaletisepeti.com\/index.php?rest_route=%2Fwp%2Fv2%2Fmedia&parent=19567"}],"wp:term":[{"taxonomy":"product_brand","embeddable":true,"href":"https:\/\/www.elaletisepeti.com\/index.php?rest_route=%2Fwp%2Fv2%2Fproduct_brand&post=19567"},{"taxonomy":"product_cat","embeddable":true,"href":"https:\/\/www.elaletisepeti.com\/index.php?rest_route=%2Fwp%2Fv2%2Fproduct_cat&post=19567"},{"taxonomy":"product_tag","embeddable":true,"href":"https:\/\/www.elaletisepeti.com\/index.php?rest_route=%2Fwp%2Fv2%2Fproduct_tag&post=19567"}],"curies":[{"name":"wp","href":"https:\/\/api.w.org\/{rel}","templated":true}]}}