{"id":17071,"date":"2025-12-01T18:09:50","date_gmt":"2025-12-01T18:09:50","guid":{"rendered":"https:\/\/www.elaletisepeti.com\/?post_type=product&#038;p=17071"},"modified":"2025-12-01T18:09:50","modified_gmt":"2025-12-01T18:09:50","slug":"knipex-88-05-180-fort-pense","status":"publish","type":"product","link":"https:\/\/www.elaletisepeti.com\/?product=knipex-88-05-180-fort-pense","title":{"rendered":"Knipex 88 05 180 Fort Pense"},"content":{"rendered":"<p><strong>Knipex 88 05 180 Fort Pense KNIPEX Alligator\u00ae<\/strong><\/p>\n<div class=\"product--variation-field--variation_field_general_section__1688 field field--name-field-general-section field--type-key-value-class-field-type field--label-hidden field__items\">\n<div class=\"field__item\">\n<div class=\"key-value-class-item \">\n<div class=\"key\">Kod:\u00a088 05 180<\/div>\n<\/div>\n<\/div>\n<div class=\"field__item\">\n<div class=\"key-value-class-item \">\n<div class=\"key\">EAN 4003773060130<\/div>\n<\/div>\n<\/div>\n<div class=\"field__item\">\n<div class=\"key-value-class-item \">\n<div class=\"key\">Pense Krom Kaplama<\/div>\n<\/div>\n<\/div>\n<div class=\"field__item\">\n<div class=\"key-value-class-item \">\n<div class=\"key\">Ba\u015fl\u0131k Krom Kaplama<\/div>\n<\/div>\n<\/div>\n<div class=\"field__item\">\n<div class=\"key-value-class-item \">\n<div class=\"key\">Kollar \u00c7ok Bile\u015fenli Tutacaklarla<\/div>\n<\/div>\n<\/div>\n<div class=\"field__item\">\n<div class=\"key-value-class-item \">\n<div class=\"key\">A\u011f\u0131rl\u0131k 210 g<\/div>\n<\/div>\n<\/div>\n<div class=\"field__item\">\n<div class=\"key-value-class-item \">\n<div class=\"key\">\u00d6l\u00e7\u00fcleri 180 x 56 x 19 mm<\/div>\n<\/div>\n<\/div>\n<div class=\"field__item\">\n<div class=\"key-value-class-item \">\n<div class=\"key\">Norm DIN ISO 8976<\/div>\n<\/div>\n<\/div>\n<div class=\"field__item\">\n<div class=\"key-value-class-item \">\n<div class=\"key\">REACH Uyumlu SVHC \u0130\u00e7ermiyor<\/div>\n<\/div>\n<\/div>\n<div class=\"field__item\">\n<div class=\"key-value-class-item \">\n<div class=\"key\">ROHS Uyumlu Uygulanamaz<\/div>\n<\/div>\n<\/div>\n<\/div>\n<div class=\"product--variation-field--variation_field_technical_section__1688 field field--name-field-technical-section field--type-key-value-class-field-type field--label-hidden field__items\">\n<div class=\"field__item\">\n<div class=\"key-value-class-item \">\n<div class=\"key\">Ayar Pozisyonu 9<\/div>\n<\/div>\n<\/div>\n<div class=\"field__item\">\n<div class=\"key-value-class-item \">\n<div class=\"key\">Boru \u00e7ap\u0131 kapasitesi (\u00e7ap) \u00d8 1 1\/2 \u0130n\u00e7<\/div>\n<\/div>\n<\/div>\n<div class=\"field__item\">\n<div class=\"key-value-class-item \">\n<div class=\"key\">Somun ve anahtar \u00f6l\u00e7\u00fcs\u00fc kapasitesi 36 mm<\/div>\n<\/div>\n<\/div>\n<div class=\"field__item\">\n<div class=\"key-value-class-item \">\n<div class=\"key\">Boru \u00e7ap\u0131 kapasitesi (\u00e7ap) \u00d8 42 mm<\/div>\n<\/div>\n<\/div>\n<\/div>\n","protected":false},"excerpt":{"rendered":"<div class=\"kx-flex kx-justify-between\">\n<div class=\"kx-flex kx-items-center kx-flex-wrap kx-gap-4 kx-gap-y-0\"><img decoding=\"async\" src=\"https:\/\/product-api-assets.knipex.com\/fd89784\/65badd55-ee92-4cc5-a83e-1510299a1dac.png\" alt=\"\" \/><\/div>\n<\/div>\n<div class=\"bulletpoint-container\">\n<ul>\n<li>Kafa ve mafsal alan\u0131ndaki ince yap\u0131s\u0131 sayesinde i\u015f par\u00e7alar\u0131na kolay eri\u015filir<\/li>\n<li>Ayn\u0131 uzunluktaki s\u0131radan fort penseler ile k\u0131yasland\u0131\u011f\u0131nda daha fazla performans ve \u00e7al\u0131\u015fma konforu: %30 daha fazla kavrama kapasitesi i\u00e7in 9 kademeli ayarlama<\/li>\n<li>Borular ve somunlarda kendili\u011finden kelep\u00e7elenme: i\u015f par\u00e7as\u0131nda kayma olmaz, zahmetsiz \u00e7al\u0131\u015fma sa\u011flar<\/li>\n<li>\u00d6zel sertle\u015ftirilmi\u015f di\u015fli a\u011f\u0131z y\u00fczeyleri, di\u015flerin sertli\u011fi yakl. 61 HRC: A\u015f\u0131nmaya kar\u015f\u0131 y\u00fcksek dayan\u0131kl\u0131l\u0131k sayesinde daima g\u00fcvenli kavrama<\/li>\n<li>\u0130\u00e7 i\u00e7e ge\u00e7irilmi\u015f mafsal: \u00c7ift k\u0131lavuzlama sayesinde y\u00fcksek dayan\u0131kl\u0131k<\/li>\n<li>Sa\u011flam tasarlanm\u0131\u015f yap\u0131s\u0131 ya\u011fl\u0131 ve kirli ortamlarda \u00e7al\u0131\u015fma imkan\u0131 sa\u011flar. Bu \u00fcr\u00fcnle a\u00e7\u0131k alanlarda \u00e7al\u0131\u015f\u0131labilir<\/li>\n<li>Parmaklar\u0131n s\u0131k\u0131\u015fmas\u0131n\u0131 \u00f6nleyen tasar\u0131ma sahiptir<\/li>\n<\/ul>\n<\/div>\n","protected":false},"featured_media":17073,"template":"","meta":{"_joinchat":[]},"product_brand":[159],"product_cat":[190],"product_tag":[1149,1148,1146,1147,990,985],"class_list":{"0":"post-17071","1":"product","2":"type-product","3":"status-publish","4":"has-post-thumbnail","6":"product_brand-knipex","7":"product_cat-ayarli-fort-penseler","8":"product_tag-88-05-180-fort-pense","9":"product_tag-knipex-88-05-180","10":"product_tag-knipex-88-05-180-fort-pense","11":"product_tag-knipex-88-05-180-fort-pense-knipex-alligator","12":"product_tag-knipex-ayarli-fort-pense","13":"product_tag-knipex-fort-pense","16":"first","17":"instock","18":"shipping-taxable","19":"product-type-simple"},"yoast_head":"<!-- This site is optimized with the Yoast SEO plugin v27.3 - https:\/\/yoast.com\/product\/yoast-seo-wordpress\/ -->\n<title>Knipex 88 05 180 Fort Pense - El Aleti Sepeti<\/title>\n<meta name=\"description\" content=\"\u201cKNIPEX 88 05 180 \u2013 42 mm\u2019ye kadar boru, 36 mm\u2019ye kadar somun kapasitesi, 9-kademeli ayar ve ergonomik sap ile kompakt, uzun \u00f6m\u00fcrl\u00fc profesyonel fort pense.\u201d\" \/>\n<meta name=\"robots\" content=\"index, follow, max-snippet:-1, max-image-preview:large, max-video-preview:-1\" \/>\n<link rel=\"canonical\" href=\"https:\/\/www.elaletisepeti.com\/?product=knipex-88-05-180-fort-pense\" \/>\n<meta property=\"og:locale\" content=\"tr_TR\" \/>\n<meta property=\"og:type\" content=\"article\" \/>\n<meta property=\"og:title\" content=\"Knipex 88 05 180 Fort Pense - El Aleti Sepeti\" \/>\n<meta property=\"og:description\" content=\"\u201cKNIPEX 88 05 180 \u2013 42 mm\u2019ye kadar boru, 36 mm\u2019ye kadar somun kapasitesi, 9-kademeli ayar ve ergonomik sap ile kompakt, uzun \u00f6m\u00fcrl\u00fc profesyonel fort pense.\u201d\" \/>\n<meta property=\"og:url\" content=\"https:\/\/www.elaletisepeti.com\/?product=knipex-88-05-180-fort-pense\" \/>\n<meta property=\"og:site_name\" content=\"El Aleti Sepeti\" \/>\n<meta property=\"og:image\" content=\"https:\/\/www.elaletisepeti.com\/wp-content\/uploads\/2025\/12\/Knipex-88-05-180.jpg\" \/>\n\t<meta property=\"og:image:width\" content=\"1000\" \/>\n\t<meta property=\"og:image:height\" content=\"1000\" \/>\n\t<meta property=\"og:image:type\" content=\"image\/jpeg\" \/>\n<meta name=\"twitter:card\" content=\"summary_large_image\" \/>\n<meta name=\"twitter:label1\" content=\"Tahmini okuma s\u00fcresi\" \/>\n\t<meta name=\"twitter:data1\" content=\"1 dakika\" \/>\n<script type=\"application\/ld+json\" class=\"yoast-schema-graph\">{\"@context\":\"https:\\\/\\\/schema.org\",\"@graph\":[{\"@type\":\"WebPage\",\"@id\":\"https:\\\/\\\/www.elaletisepeti.com\\\/?product=knipex-88-05-180-fort-pense\",\"url\":\"https:\\\/\\\/www.elaletisepeti.com\\\/?product=knipex-88-05-180-fort-pense\",\"name\":\"Knipex 88 05 180 Fort Pense - El Aleti Sepeti\",\"isPartOf\":{\"@id\":\"https:\\\/\\\/www.elaletisepeti.com\\\/#website\"},\"primaryImageOfPage\":{\"@id\":\"https:\\\/\\\/www.elaletisepeti.com\\\/?product=knipex-88-05-180-fort-pense#primaryimage\"},\"image\":{\"@id\":\"https:\\\/\\\/www.elaletisepeti.com\\\/?product=knipex-88-05-180-fort-pense#primaryimage\"},\"thumbnailUrl\":\"https:\\\/\\\/www.elaletisepeti.com\\\/wp-content\\\/uploads\\\/2025\\\/12\\\/Knipex-88-05-180.jpg\",\"datePublished\":\"2025-12-01T18:09:50+00:00\",\"description\":\"\u201cKNIPEX 88 05 180 \u2013 42 mm\u2019ye kadar boru, 36 mm\u2019ye kadar somun kapasitesi, 9-kademeli ayar ve ergonomik sap ile kompakt, uzun \u00f6m\u00fcrl\u00fc profesyonel fort pense.\u201d\",\"breadcrumb\":{\"@id\":\"https:\\\/\\\/www.elaletisepeti.com\\\/?product=knipex-88-05-180-fort-pense#breadcrumb\"},\"inLanguage\":\"tr\",\"potentialAction\":[{\"@type\":\"ReadAction\",\"target\":[\"https:\\\/\\\/www.elaletisepeti.com\\\/?product=knipex-88-05-180-fort-pense\"]}]},{\"@type\":\"ImageObject\",\"inLanguage\":\"tr\",\"@id\":\"https:\\\/\\\/www.elaletisepeti.com\\\/?product=knipex-88-05-180-fort-pense#primaryimage\",\"url\":\"https:\\\/\\\/www.elaletisepeti.com\\\/wp-content\\\/uploads\\\/2025\\\/12\\\/Knipex-88-05-180.jpg\",\"contentUrl\":\"https:\\\/\\\/www.elaletisepeti.com\\\/wp-content\\\/uploads\\\/2025\\\/12\\\/Knipex-88-05-180.jpg\",\"width\":1000,\"height\":1000},{\"@type\":\"BreadcrumbList\",\"@id\":\"https:\\\/\\\/www.elaletisepeti.com\\\/?product=knipex-88-05-180-fort-pense#breadcrumb\",\"itemListElement\":[{\"@type\":\"ListItem\",\"position\":1,\"name\":\"Anasayfa\",\"item\":\"https:\\\/\\\/www.elaletisepeti.com\\\/\"},{\"@type\":\"ListItem\",\"position\":2,\"name\":\"Shop\",\"item\":\"https:\\\/\\\/www.elaletisepeti.com\\\/?page_id=7\"},{\"@type\":\"ListItem\",\"position\":3,\"name\":\"Knipex 88 05 180 Fort Pense\"}]},{\"@type\":\"WebSite\",\"@id\":\"https:\\\/\\\/www.elaletisepeti.com\\\/#website\",\"url\":\"https:\\\/\\\/www.elaletisepeti.com\\\/\",\"name\":\"El Aleti Sepeti\",\"description\":\"El Aletleri, Knipex Pense, Knipex Kerpeten, Knipex Kargaburun,  Kn\u0131pex  Yankeski, Kn\u0131pex Boru Kesme, Knipex Kablo S\u0131y\u0131rma, Knipex  El Aletleri\",\"potentialAction\":[{\"@type\":\"SearchAction\",\"target\":{\"@type\":\"EntryPoint\",\"urlTemplate\":\"https:\\\/\\\/www.elaletisepeti.com\\\/?s={search_term_string}\"},\"query-input\":{\"@type\":\"PropertyValueSpecification\",\"valueRequired\":true,\"valueName\":\"search_term_string\"}}],\"inLanguage\":\"tr\"}]}<\/script>\n<!-- \/ Yoast SEO plugin. -->","yoast_head_json":{"title":"Knipex 88 05 180 Fort Pense - El Aleti Sepeti","description":"\u201cKNIPEX 88 05 180 \u2013 42 mm\u2019ye kadar boru, 36 mm\u2019ye kadar somun kapasitesi, 9-kademeli ayar ve ergonomik sap ile kompakt, uzun \u00f6m\u00fcrl\u00fc profesyonel fort pense.\u201d","robots":{"index":"index","follow":"follow","max-snippet":"max-snippet:-1","max-image-preview":"max-image-preview:large","max-video-preview":"max-video-preview:-1"},"canonical":"https:\/\/www.elaletisepeti.com\/?product=knipex-88-05-180-fort-pense","og_locale":"tr_TR","og_type":"article","og_title":"Knipex 88 05 180 Fort Pense - El Aleti Sepeti","og_description":"\u201cKNIPEX 88 05 180 \u2013 42 mm\u2019ye kadar boru, 36 mm\u2019ye kadar somun kapasitesi, 9-kademeli ayar ve ergonomik sap ile kompakt, uzun \u00f6m\u00fcrl\u00fc profesyonel fort pense.\u201d","og_url":"https:\/\/www.elaletisepeti.com\/?product=knipex-88-05-180-fort-pense","og_site_name":"El Aleti Sepeti","og_image":[{"width":1000,"height":1000,"url":"https:\/\/www.elaletisepeti.com\/wp-content\/uploads\/2025\/12\/Knipex-88-05-180.jpg","type":"image\/jpeg"}],"twitter_card":"summary_large_image","twitter_misc":{"Tahmini okuma s\u00fcresi":"1 dakika"},"schema":{"@context":"https:\/\/schema.org","@graph":[{"@type":"WebPage","@id":"https:\/\/www.elaletisepeti.com\/?product=knipex-88-05-180-fort-pense","url":"https:\/\/www.elaletisepeti.com\/?product=knipex-88-05-180-fort-pense","name":"Knipex 88 05 180 Fort Pense - El Aleti Sepeti","isPartOf":{"@id":"https:\/\/www.elaletisepeti.com\/#website"},"primaryImageOfPage":{"@id":"https:\/\/www.elaletisepeti.com\/?product=knipex-88-05-180-fort-pense#primaryimage"},"image":{"@id":"https:\/\/www.elaletisepeti.com\/?product=knipex-88-05-180-fort-pense#primaryimage"},"thumbnailUrl":"https:\/\/www.elaletisepeti.com\/wp-content\/uploads\/2025\/12\/Knipex-88-05-180.jpg","datePublished":"2025-12-01T18:09:50+00:00","description":"\u201cKNIPEX 88 05 180 \u2013 42 mm\u2019ye kadar boru, 36 mm\u2019ye kadar somun kapasitesi, 9-kademeli ayar ve ergonomik sap ile kompakt, uzun \u00f6m\u00fcrl\u00fc profesyonel fort pense.\u201d","breadcrumb":{"@id":"https:\/\/www.elaletisepeti.com\/?product=knipex-88-05-180-fort-pense#breadcrumb"},"inLanguage":"tr","potentialAction":[{"@type":"ReadAction","target":["https:\/\/www.elaletisepeti.com\/?product=knipex-88-05-180-fort-pense"]}]},{"@type":"ImageObject","inLanguage":"tr","@id":"https:\/\/www.elaletisepeti.com\/?product=knipex-88-05-180-fort-pense#primaryimage","url":"https:\/\/www.elaletisepeti.com\/wp-content\/uploads\/2025\/12\/Knipex-88-05-180.jpg","contentUrl":"https:\/\/www.elaletisepeti.com\/wp-content\/uploads\/2025\/12\/Knipex-88-05-180.jpg","width":1000,"height":1000},{"@type":"BreadcrumbList","@id":"https:\/\/www.elaletisepeti.com\/?product=knipex-88-05-180-fort-pense#breadcrumb","itemListElement":[{"@type":"ListItem","position":1,"name":"Anasayfa","item":"https:\/\/www.elaletisepeti.com\/"},{"@type":"ListItem","position":2,"name":"Shop","item":"https:\/\/www.elaletisepeti.com\/?page_id=7"},{"@type":"ListItem","position":3,"name":"Knipex 88 05 180 Fort Pense"}]},{"@type":"WebSite","@id":"https:\/\/www.elaletisepeti.com\/#website","url":"https:\/\/www.elaletisepeti.com\/","name":"El Aleti Sepeti","description":"El Aletleri, Knipex Pense, Knipex Kerpeten, Knipex Kargaburun,  Kn\u0131pex  Yankeski, Kn\u0131pex Boru Kesme, Knipex Kablo S\u0131y\u0131rma, Knipex  El Aletleri","potentialAction":[{"@type":"SearchAction","target":{"@type":"EntryPoint","urlTemplate":"https:\/\/www.elaletisepeti.com\/?s={search_term_string}"},"query-input":{"@type":"PropertyValueSpecification","valueRequired":true,"valueName":"search_term_string"}}],"inLanguage":"tr"}]}},"_links":{"self":[{"href":"https:\/\/www.elaletisepeti.com\/index.php?rest_route=\/wp\/v2\/product\/17071","targetHints":{"allow":["GET"]}}],"collection":[{"href":"https:\/\/www.elaletisepeti.com\/index.php?rest_route=\/wp\/v2\/product"}],"about":[{"href":"https:\/\/www.elaletisepeti.com\/index.php?rest_route=\/wp\/v2\/types\/product"}],"wp:featuredmedia":[{"embeddable":true,"href":"https:\/\/www.elaletisepeti.com\/index.php?rest_route=\/wp\/v2\/media\/17073"}],"wp:attachment":[{"href":"https:\/\/www.elaletisepeti.com\/index.php?rest_route=%2Fwp%2Fv2%2Fmedia&parent=17071"}],"wp:term":[{"taxonomy":"product_brand","embeddable":true,"href":"https:\/\/www.elaletisepeti.com\/index.php?rest_route=%2Fwp%2Fv2%2Fproduct_brand&post=17071"},{"taxonomy":"product_cat","embeddable":true,"href":"https:\/\/www.elaletisepeti.com\/index.php?rest_route=%2Fwp%2Fv2%2Fproduct_cat&post=17071"},{"taxonomy":"product_tag","embeddable":true,"href":"https:\/\/www.elaletisepeti.com\/index.php?rest_route=%2Fwp%2Fv2%2Fproduct_tag&post=17071"}],"curies":[{"name":"wp","href":"https:\/\/api.w.org\/{rel}","templated":true}]}}