{"id":15706,"date":"2025-11-11T18:12:12","date_gmt":"2025-11-11T18:12:12","guid":{"rendered":"https:\/\/www.elaletisepeti.com\/?post_type=product&#038;p=15706"},"modified":"2025-11-29T15:58:15","modified_gmt":"2025-11-29T15:58:15","slug":"knipex-95-62-160-tc-celik-tel-makasi","status":"publish","type":"product","link":"https:\/\/www.elaletisepeti.com\/?product=knipex-95-62-160-tc-celik-tel-makasi","title":{"rendered":"Knipex 95 62 160 TC \u00c7elik Tel Makas\u0131"},"content":{"rendered":"<p><strong>Knipex 95 62 160 TC \u00c7elik Tel Makas\u0131<\/strong><\/p>\n<div class=\"product--variation-field--variation_field_general_section__17727 field field--name-field-general-section field--type-key-value-class-field-type field--label-hidden field__items\" data-gtm-vis-recent-on-screen10487645_102=\"484437\" data-gtm-vis-first-on-screen10487645_102=\"484437\" data-gtm-vis-total-visible-time10487645_102=\"100\" data-gtm-vis-has-fired10487645_102=\"1\">\n<div class=\"field__item\" data-gtm-vis-recent-on-screen10487645_102=\"484406\" data-gtm-vis-first-on-screen10487645_102=\"484406\" data-gtm-vis-total-visible-time10487645_102=\"100\" data-gtm-vis-has-fired10487645_102=\"1\">\n<div class=\"key-value-class-item \" data-gtm-vis-recent-on-screen10487645_102=\"484407\" data-gtm-vis-first-on-screen10487645_102=\"484407\" data-gtm-vis-total-visible-time10487645_102=\"100\" data-gtm-vis-has-fired10487645_102=\"1\">\n<div class=\"key\" data-gtm-vis-recent-on-screen10487645_102=\"484407\" data-gtm-vis-first-on-screen10487645_102=\"484407\" data-gtm-vis-total-visible-time10487645_102=\"100\" data-gtm-vis-has-fired10487645_102=\"1\">Kod:\u00a0 95 62 160 TC<\/div>\n<\/div>\n<\/div>\n<div class=\"field__item\" data-gtm-vis-recent-on-screen10487645_102=\"484408\" data-gtm-vis-first-on-screen10487645_102=\"484408\" data-gtm-vis-total-visible-time10487645_102=\"100\" data-gtm-vis-has-fired10487645_102=\"1\">\n<div class=\"key-value-class-item \" data-gtm-vis-recent-on-screen10487645_102=\"484408\" data-gtm-vis-first-on-screen10487645_102=\"484408\" data-gtm-vis-total-visible-time10487645_102=\"100\" data-gtm-vis-has-fired10487645_102=\"1\">\n<div class=\"key\" data-gtm-vis-recent-on-screen10487645_102=\"484409\" data-gtm-vis-first-on-screen10487645_102=\"484409\" data-gtm-vis-total-visible-time10487645_102=\"100\" data-gtm-vis-has-fired10487645_102=\"1\">EAN 4003773082422<\/div>\n<\/div>\n<\/div>\n<div class=\"field__item\" data-gtm-vis-recent-on-screen10487645_102=\"484426\" data-gtm-vis-first-on-screen10487645_102=\"484426\" data-gtm-vis-total-visible-time10487645_102=\"100\" data-gtm-vis-has-fired10487645_102=\"1\">\n<div class=\"key-value-class-item \" data-gtm-vis-recent-on-screen10487645_102=\"484426\" data-gtm-vis-first-on-screen10487645_102=\"484426\" data-gtm-vis-total-visible-time10487645_102=\"100\" data-gtm-vis-has-fired10487645_102=\"1\">\n<div class=\"key\" data-gtm-vis-recent-on-screen10487645_102=\"484427\" data-gtm-vis-first-on-screen10487645_102=\"484427\" data-gtm-vis-total-visible-time10487645_102=\"100\" data-gtm-vis-has-fired10487645_102=\"1\">Makas Cilal\u0131<\/div>\n<\/div>\n<\/div>\n<div class=\"field__item\" data-gtm-vis-recent-on-screen10487645_102=\"484438\" data-gtm-vis-first-on-screen10487645_102=\"484438\" data-gtm-vis-total-visible-time10487645_102=\"100\" data-gtm-vis-has-fired10487645_102=\"1\">\n<div class=\"key-value-class-item \" data-gtm-vis-recent-on-screen10487645_102=\"484439\" data-gtm-vis-first-on-screen10487645_102=\"484439\" data-gtm-vis-total-visible-time10487645_102=\"100\" data-gtm-vis-has-fired10487645_102=\"1\">\n<div class=\"key\" data-gtm-vis-recent-on-screen10487645_102=\"484439\" data-gtm-vis-first-on-screen10487645_102=\"484439\" data-gtm-vis-total-visible-time10487645_102=\"100\" data-gtm-vis-has-fired10487645_102=\"1\">Ba\u015fl\u0131k Cilal\u0131<\/div>\n<\/div>\n<\/div>\n<div class=\"field__item\" data-gtm-vis-recent-on-screen10487645_102=\"484441\" data-gtm-vis-first-on-screen10487645_102=\"484441\" data-gtm-vis-total-visible-time10487645_102=\"100\" data-gtm-vis-has-fired10487645_102=\"1\">\n<div class=\"key-value-class-item \" data-gtm-vis-recent-on-screen10487645_102=\"484442\" data-gtm-vis-first-on-screen10487645_102=\"484442\" data-gtm-vis-total-visible-time10487645_102=\"100\" data-gtm-vis-has-fired10487645_102=\"1\">\n<div class=\"key\" data-gtm-vis-recent-on-screen10487645_102=\"484442\" data-gtm-vis-first-on-screen10487645_102=\"484442\" data-gtm-vis-total-visible-time10487645_102=\"100\" data-gtm-vis-has-fired10487645_102=\"1\">Kollar \u00c7ok Bile\u015fenli Tutacaklarla<\/div>\n<\/div>\n<\/div>\n<div class=\"field__item\" data-gtm-vis-recent-on-screen10487645_102=\"484458\" data-gtm-vis-first-on-screen10487645_102=\"484458\" data-gtm-vis-total-visible-time10487645_102=\"100\" data-gtm-vis-has-fired10487645_102=\"1\">\n<div class=\"key-value-class-item \" data-gtm-vis-recent-on-screen10487645_102=\"484459\" data-gtm-vis-first-on-screen10487645_102=\"484459\" data-gtm-vis-total-visible-time10487645_102=\"100\" data-gtm-vis-has-fired10487645_102=\"1\">\n<div class=\"key\" data-gtm-vis-recent-on-screen10487645_102=\"484459\" data-gtm-vis-first-on-screen10487645_102=\"484459\" data-gtm-vis-total-visible-time10487645_102=\"100\" data-gtm-vis-has-fired10487645_102=\"1\">A\u011f\u0131rl\u0131k 175 g<\/div>\n<\/div>\n<\/div>\n<div class=\"field__item\" data-gtm-vis-recent-on-screen10487645_102=\"484474\" data-gtm-vis-first-on-screen10487645_102=\"484474\" data-gtm-vis-total-visible-time10487645_102=\"100\" data-gtm-vis-has-fired10487645_102=\"1\">\n<div class=\"key-value-class-item \" data-gtm-vis-recent-on-screen10487645_102=\"484475\" data-gtm-vis-first-on-screen10487645_102=\"484475\" data-gtm-vis-total-visible-time10487645_102=\"100\" data-gtm-vis-has-fired10487645_102=\"1\">\n<div class=\"key\" data-gtm-vis-recent-on-screen10487645_102=\"484475\" data-gtm-vis-first-on-screen10487645_102=\"484475\" data-gtm-vis-total-visible-time10487645_102=\"100\" data-gtm-vis-has-fired10487645_102=\"1\">\u00d6l\u00e7\u00fcleri 160 x 60 x 22 mm<\/div>\n<\/div>\n<\/div>\n<div class=\"field__item\" data-gtm-vis-recent-on-screen10487645_102=\"484490\" data-gtm-vis-first-on-screen10487645_102=\"484490\" data-gtm-vis-total-visible-time10487645_102=\"100\" data-gtm-vis-has-fired10487645_102=\"1\">\n<div class=\"key-value-class-item \" data-gtm-vis-recent-on-screen10487645_102=\"484491\" data-gtm-vis-first-on-screen10487645_102=\"484491\" data-gtm-vis-total-visible-time10487645_102=\"100\" data-gtm-vis-has-fired10487645_102=\"1\">\n<div class=\"key\" data-gtm-vis-recent-on-screen10487645_102=\"484491\" data-gtm-vis-first-on-screen10487645_102=\"484491\" data-gtm-vis-total-visible-time10487645_102=\"100\" data-gtm-vis-has-fired10487645_102=\"1\">REACH Uyumlu SVHC \u0130\u00e7ermiyor<\/div>\n<\/div>\n<\/div>\n<div class=\"field__item\" data-gtm-vis-recent-on-screen10487645_102=\"484492\" data-gtm-vis-first-on-screen10487645_102=\"484492\" data-gtm-vis-total-visible-time10487645_102=\"100\" data-gtm-vis-has-fired10487645_102=\"1\">\n<div class=\"key-value-class-item \" data-gtm-vis-recent-on-screen10487645_102=\"484492\" data-gtm-vis-first-on-screen10487645_102=\"484492\" data-gtm-vis-total-visible-time10487645_102=\"100\" data-gtm-vis-has-fired10487645_102=\"1\">\n<div class=\"key\" data-gtm-vis-recent-on-screen10487645_102=\"484492\" data-gtm-vis-first-on-screen10487645_102=\"484492\" data-gtm-vis-total-visible-time10487645_102=\"100\" data-gtm-vis-has-fired10487645_102=\"1\">ROHS Uyumlu Uygulanamaz<\/div>\n<\/div>\n<\/div>\n<\/div>\n<div class=\"product--variation-field--variation_field_technical_section__17727 field field--name-field-technical-section field--type-key-value-class-field-type field--label-hidden field__items\" data-gtm-vis-recent-on-screen10487645_102=\"484575\" data-gtm-vis-first-on-screen10487645_102=\"484575\" data-gtm-vis-total-visible-time10487645_102=\"100\" data-gtm-vis-has-fired10487645_102=\"1\">\n<div class=\"field__item\" data-gtm-vis-recent-on-screen10487645_102=\"484507\" data-gtm-vis-first-on-screen10487645_102=\"484507\" data-gtm-vis-total-visible-time10487645_102=\"100\" data-gtm-vis-has-fired10487645_102=\"1\">\n<div class=\"key-value-class-item \" data-gtm-vis-recent-on-screen10487645_102=\"484508\" data-gtm-vis-first-on-screen10487645_102=\"484508\" data-gtm-vis-total-visible-time10487645_102=\"100\" data-gtm-vis-has-fired10487645_102=\"1\">\n<div class=\"key\" data-gtm-vis-recent-on-screen10487645_102=\"484508\" data-gtm-vis-first-on-screen10487645_102=\"484508\" data-gtm-vis-total-visible-time10487645_102=\"100\" data-gtm-vis-has-fired10487645_102=\"1\">Bak\u0131r kablo kesim de\u011feri, \u00e7ok telli (\u00e7ap) \u00d8 2,0 mm<\/div>\n<\/div>\n<\/div>\n<div class=\"field__item\" data-gtm-vis-recent-on-screen10487645_102=\"484541\" data-gtm-vis-first-on-screen10487645_102=\"484541\" data-gtm-vis-total-visible-time10487645_102=\"100\" data-gtm-vis-has-fired10487645_102=\"1\">\n<div class=\"key-value-class-item \" data-gtm-vis-recent-on-screen10487645_102=\"484542\" data-gtm-vis-first-on-screen10487645_102=\"484542\" data-gtm-vis-total-visible-time10487645_102=\"100\" data-gtm-vis-has-fired10487645_102=\"1\">\n<div class=\"key\" data-gtm-vis-recent-on-screen10487645_102=\"484543\" data-gtm-vis-first-on-screen10487645_102=\"484543\" data-gtm-vis-total-visible-time10487645_102=\"100\" data-gtm-vis-has-fired10487645_102=\"1\">Bak\u0131r kablo kesim de\u011feri, ince telli (\u00e7ap) \u00d8 2,0 mm<\/div>\n<\/div>\n<\/div>\n<div class=\"field__item\" data-gtm-vis-recent-on-screen10487645_102=\"484558\" data-gtm-vis-first-on-screen10487645_102=\"484558\" data-gtm-vis-total-visible-time10487645_102=\"100\" data-gtm-vis-has-fired10487645_102=\"1\">\n<div class=\"key-value-class-item \" data-gtm-vis-recent-on-screen10487645_102=\"484559\" data-gtm-vis-first-on-screen10487645_102=\"484559\" data-gtm-vis-total-visible-time10487645_102=\"100\" data-gtm-vis-has-fired10487645_102=\"1\">\n<div class=\"key\" data-gtm-vis-recent-on-screen10487645_102=\"484559\" data-gtm-vis-first-on-screen10487645_102=\"484559\" data-gtm-vis-total-visible-time10487645_102=\"100\" data-gtm-vis-has-fired10487645_102=\"1\">\u00c7elik tel kesme de\u011feri (\u00e7ap) \u00d8 2,0 mm<\/div>\n<\/div>\n<\/div>\n<div class=\"field__item\" data-gtm-vis-recent-on-screen10487645_102=\"484591\" data-gtm-vis-first-on-screen10487645_102=\"484591\" data-gtm-vis-total-visible-time10487645_102=\"100\" data-gtm-vis-has-fired10487645_102=\"1\">\n<div class=\"key-value-class-item \" data-gtm-vis-recent-on-screen10487645_102=\"484591\" data-gtm-vis-first-on-screen10487645_102=\"484591\" data-gtm-vis-total-visible-time10487645_102=\"100\" data-gtm-vis-has-fired10487645_102=\"1\">\n<div class=\"key\" data-gtm-vis-recent-on-screen10487645_102=\"484592\" data-gtm-vis-first-on-screen10487645_102=\"484592\" data-gtm-vis-total-visible-time10487645_102=\"100\" data-gtm-vis-has-fired10487645_102=\"1\">Orta sert tel kesme de\u011feri (\u00e7ap) \u00d8 0,0<\/div>\n<\/div>\n<\/div>\n<div class=\"field__item\" data-gtm-vis-first-on-screen10487645_102=\"484933\" data-gtm-vis-total-visible-time10487645_102=\"100\" data-gtm-vis-has-fired10487645_102=\"1\">\n<div class=\"key-value-class-item \" data-gtm-vis-first-on-screen10487645_102=\"484934\" data-gtm-vis-total-visible-time10487645_102=\"100\" data-gtm-vis-has-fired10487645_102=\"1\">\n<div class=\"key\" data-gtm-vis-first-on-screen10487645_102=\"484934\" data-gtm-vis-total-visible-time10487645_102=\"100\" data-gtm-vis-has-fired10487645_102=\"1\">Piyano tel kesme de\u011feri (\u00e7ap) \u00d8 0,0<\/div>\n<\/div>\n<\/div>\n<\/div>\n","protected":false},"excerpt":{"rendered":"<ul class=\"product--variation-field--variation_field_product_desc_highlighted__17727 field field--name-field-product-desc-highlighted field--type-text-long field--label-hidden field__items\">\n<li class=\"field__item\">Lastik tellerinin, \u00d8 2 mm \u00e7apa kadar \u00e7elik halatlar\u0131n ve \u00d8 2 mm \u00e7apa kadar kablolar\u0131n hassas kesimi i\u00e7in \u00f6zel olarak optimize<\/li>\n<li class=\"field__item\">Hafif tasar\u0131m ve pratik a\u00e7\u0131kl\u0131k k\u0131s\u0131tlamas\u0131 sayesinde ergonomik verim<\/li>\n<li class=\"field__item\">Kompakt boy, d\u00fc\u015f\u00fck a\u011f\u0131rl\u0131k, y\u00fcksek performans<\/li>\n<li class=\"field__item\">Yo\u011fun kullan\u0131m i\u00e7in: \u00f6zellikle dayan\u0131kl\u0131 ve 175 g ile son derece hafif<\/li>\n<li class=\"field__item\">Ayn\u0131 uzunluktaki tel halat makaslar\u0131na k\u0131yasla azami % 30 daha az kuvvet harcan\u0131r<\/li>\n<li class=\"field__item\">Y\u00fcksek sa\u011flaml\u0131k sa\u011flayan \u00e7ift yatakl\u0131, yekpare mafsal<\/li>\n<li class=\"field__item\">Kesicilere ek olarak ind\u00fcksiyon sertle\u015ftirme uygulamas\u0131 yap\u0131lm\u0131\u015ft\u0131r, kesici sertli\u011fi yakl. 64 HRC<\/li>\n<li class=\"field__item\">A\u00e7ma yay\u0131 sayesinde konforlu \u00e7al\u0131\u015fma<\/li>\n<li class=\"field__item\">B\u0131\u00e7ak kilidi ile ta\u015f\u0131ma esnas\u0131nda emniyet alt\u0131na al\u0131nm\u0131\u015ft\u0131r<\/li>\n<\/ul>\n","protected":false},"featured_media":15708,"template":"","meta":{"_joinchat":[]},"product_brand":[159],"product_cat":[195],"product_tag":[447,581,572,445],"class_list":{"0":"post-15706","1":"product","2":"type-product","3":"status-publish","4":"has-post-thumbnail","6":"product_brand-knipex","7":"product_cat-kablo-ve-tel-kesme-makaslari","8":"product_tag-95-62-160-tc-celik-tel-makasi","9":"product_tag-knipex-95-62-160-tc","10":"product_tag-knipex-tel-kesme-makasi","11":"product_tag-knipex-95-62-160-tc-celik-tel-makasi","14":"first","15":"instock","16":"shipping-taxable","17":"product-type-simple"},"yoast_head":"<!-- This site is optimized with the Yoast SEO plugin v27.3 - https:\/\/yoast.com\/product\/yoast-seo-wordpress\/ -->\n<title>Knipex 95 62 160 TC \u00c7elik Tel Makas\u0131 - El Aleti Sepeti<\/title>\n<meta name=\"description\" content=\"Knipex 95 62 160 TC \u00e7elik tel makas\u0131, 160 mm uzunluk ve keskin \u00e7elik b\u0131\u00e7aklar\u0131yla telleri ve \u00e7elik kablolar\u0131 kolayca keser. Dayan\u0131kl\u0131 ve g\u00fcvenilir.\" \/>\n<meta name=\"robots\" content=\"index, follow, max-snippet:-1, max-image-preview:large, max-video-preview:-1\" \/>\n<link rel=\"canonical\" href=\"https:\/\/www.elaletisepeti.com\/?product=knipex-95-62-160-tc-celik-tel-makasi\" \/>\n<meta property=\"og:locale\" content=\"tr_TR\" \/>\n<meta property=\"og:type\" content=\"article\" \/>\n<meta property=\"og:title\" content=\"Knipex 95 62 160 TC \u00c7elik Tel Makas\u0131 - El Aleti Sepeti\" \/>\n<meta property=\"og:description\" content=\"Knipex 95 62 160 TC \u00e7elik tel makas\u0131, 160 mm uzunluk ve keskin \u00e7elik b\u0131\u00e7aklar\u0131yla telleri ve \u00e7elik kablolar\u0131 kolayca keser. Dayan\u0131kl\u0131 ve g\u00fcvenilir.\" \/>\n<meta property=\"og:url\" content=\"https:\/\/www.elaletisepeti.com\/?product=knipex-95-62-160-tc-celik-tel-makasi\" \/>\n<meta property=\"og:site_name\" content=\"El Aleti Sepeti\" \/>\n<meta property=\"article:modified_time\" content=\"2025-11-29T15:58:15+00:00\" \/>\n<meta property=\"og:image\" content=\"https:\/\/www.elaletisepeti.com\/wp-content\/uploads\/2025\/11\/Knipex-95-62-160-TC.jpg\" \/>\n\t<meta property=\"og:image:width\" content=\"1000\" \/>\n\t<meta property=\"og:image:height\" content=\"1000\" \/>\n\t<meta property=\"og:image:type\" content=\"image\/jpeg\" \/>\n<meta name=\"twitter:card\" content=\"summary_large_image\" \/>\n<meta name=\"twitter:label1\" content=\"Tahmini okuma s\u00fcresi\" \/>\n\t<meta name=\"twitter:data1\" content=\"1 dakika\" \/>\n<script type=\"application\/ld+json\" class=\"yoast-schema-graph\">{\"@context\":\"https:\\\/\\\/schema.org\",\"@graph\":[{\"@type\":\"WebPage\",\"@id\":\"https:\\\/\\\/www.elaletisepeti.com\\\/?product=knipex-95-62-160-tc-celik-tel-makasi\",\"url\":\"https:\\\/\\\/www.elaletisepeti.com\\\/?product=knipex-95-62-160-tc-celik-tel-makasi\",\"name\":\"Knipex 95 62 160 TC \u00c7elik Tel Makas\u0131 - El Aleti Sepeti\",\"isPartOf\":{\"@id\":\"https:\\\/\\\/www.elaletisepeti.com\\\/#website\"},\"primaryImageOfPage\":{\"@id\":\"https:\\\/\\\/www.elaletisepeti.com\\\/?product=knipex-95-62-160-tc-celik-tel-makasi#primaryimage\"},\"image\":{\"@id\":\"https:\\\/\\\/www.elaletisepeti.com\\\/?product=knipex-95-62-160-tc-celik-tel-makasi#primaryimage\"},\"thumbnailUrl\":\"https:\\\/\\\/www.elaletisepeti.com\\\/wp-content\\\/uploads\\\/2025\\\/11\\\/Knipex-95-62-160-TC.jpg\",\"datePublished\":\"2025-11-11T18:12:12+00:00\",\"dateModified\":\"2025-11-29T15:58:15+00:00\",\"description\":\"Knipex 95 62 160 TC \u00e7elik tel makas\u0131, 160 mm uzunluk ve keskin \u00e7elik b\u0131\u00e7aklar\u0131yla telleri ve \u00e7elik kablolar\u0131 kolayca keser. Dayan\u0131kl\u0131 ve g\u00fcvenilir.\",\"breadcrumb\":{\"@id\":\"https:\\\/\\\/www.elaletisepeti.com\\\/?product=knipex-95-62-160-tc-celik-tel-makasi#breadcrumb\"},\"inLanguage\":\"tr\",\"potentialAction\":[{\"@type\":\"ReadAction\",\"target\":[\"https:\\\/\\\/www.elaletisepeti.com\\\/?product=knipex-95-62-160-tc-celik-tel-makasi\"]}]},{\"@type\":\"ImageObject\",\"inLanguage\":\"tr\",\"@id\":\"https:\\\/\\\/www.elaletisepeti.com\\\/?product=knipex-95-62-160-tc-celik-tel-makasi#primaryimage\",\"url\":\"https:\\\/\\\/www.elaletisepeti.com\\\/wp-content\\\/uploads\\\/2025\\\/11\\\/Knipex-95-62-160-TC.jpg\",\"contentUrl\":\"https:\\\/\\\/www.elaletisepeti.com\\\/wp-content\\\/uploads\\\/2025\\\/11\\\/Knipex-95-62-160-TC.jpg\",\"width\":1000,\"height\":1000},{\"@type\":\"BreadcrumbList\",\"@id\":\"https:\\\/\\\/www.elaletisepeti.com\\\/?product=knipex-95-62-160-tc-celik-tel-makasi#breadcrumb\",\"itemListElement\":[{\"@type\":\"ListItem\",\"position\":1,\"name\":\"Anasayfa\",\"item\":\"https:\\\/\\\/www.elaletisepeti.com\\\/\"},{\"@type\":\"ListItem\",\"position\":2,\"name\":\"Shop\",\"item\":\"https:\\\/\\\/www.elaletisepeti.com\\\/?page_id=7\"},{\"@type\":\"ListItem\",\"position\":3,\"name\":\"Knipex 95 62 160 TC \u00c7elik Tel Makas\u0131\"}]},{\"@type\":\"WebSite\",\"@id\":\"https:\\\/\\\/www.elaletisepeti.com\\\/#website\",\"url\":\"https:\\\/\\\/www.elaletisepeti.com\\\/\",\"name\":\"El Aleti Sepeti\",\"description\":\"El Aletleri, Knipex Pense, Knipex Kerpeten, Knipex Kargaburun,  Kn\u0131pex  Yankeski, Kn\u0131pex Boru Kesme, Knipex Kablo S\u0131y\u0131rma, Knipex  El Aletleri\",\"potentialAction\":[{\"@type\":\"SearchAction\",\"target\":{\"@type\":\"EntryPoint\",\"urlTemplate\":\"https:\\\/\\\/www.elaletisepeti.com\\\/?s={search_term_string}\"},\"query-input\":{\"@type\":\"PropertyValueSpecification\",\"valueRequired\":true,\"valueName\":\"search_term_string\"}}],\"inLanguage\":\"tr\"}]}<\/script>\n<!-- \/ Yoast SEO plugin. -->","yoast_head_json":{"title":"Knipex 95 62 160 TC \u00c7elik Tel Makas\u0131 - El Aleti Sepeti","description":"Knipex 95 62 160 TC \u00e7elik tel makas\u0131, 160 mm uzunluk ve keskin \u00e7elik b\u0131\u00e7aklar\u0131yla telleri ve \u00e7elik kablolar\u0131 kolayca keser. Dayan\u0131kl\u0131 ve g\u00fcvenilir.","robots":{"index":"index","follow":"follow","max-snippet":"max-snippet:-1","max-image-preview":"max-image-preview:large","max-video-preview":"max-video-preview:-1"},"canonical":"https:\/\/www.elaletisepeti.com\/?product=knipex-95-62-160-tc-celik-tel-makasi","og_locale":"tr_TR","og_type":"article","og_title":"Knipex 95 62 160 TC \u00c7elik Tel Makas\u0131 - El Aleti Sepeti","og_description":"Knipex 95 62 160 TC \u00e7elik tel makas\u0131, 160 mm uzunluk ve keskin \u00e7elik b\u0131\u00e7aklar\u0131yla telleri ve \u00e7elik kablolar\u0131 kolayca keser. Dayan\u0131kl\u0131 ve g\u00fcvenilir.","og_url":"https:\/\/www.elaletisepeti.com\/?product=knipex-95-62-160-tc-celik-tel-makasi","og_site_name":"El Aleti Sepeti","article_modified_time":"2025-11-29T15:58:15+00:00","og_image":[{"width":1000,"height":1000,"url":"https:\/\/www.elaletisepeti.com\/wp-content\/uploads\/2025\/11\/Knipex-95-62-160-TC.jpg","type":"image\/jpeg"}],"twitter_card":"summary_large_image","twitter_misc":{"Tahmini okuma s\u00fcresi":"1 dakika"},"schema":{"@context":"https:\/\/schema.org","@graph":[{"@type":"WebPage","@id":"https:\/\/www.elaletisepeti.com\/?product=knipex-95-62-160-tc-celik-tel-makasi","url":"https:\/\/www.elaletisepeti.com\/?product=knipex-95-62-160-tc-celik-tel-makasi","name":"Knipex 95 62 160 TC \u00c7elik Tel Makas\u0131 - El Aleti Sepeti","isPartOf":{"@id":"https:\/\/www.elaletisepeti.com\/#website"},"primaryImageOfPage":{"@id":"https:\/\/www.elaletisepeti.com\/?product=knipex-95-62-160-tc-celik-tel-makasi#primaryimage"},"image":{"@id":"https:\/\/www.elaletisepeti.com\/?product=knipex-95-62-160-tc-celik-tel-makasi#primaryimage"},"thumbnailUrl":"https:\/\/www.elaletisepeti.com\/wp-content\/uploads\/2025\/11\/Knipex-95-62-160-TC.jpg","datePublished":"2025-11-11T18:12:12+00:00","dateModified":"2025-11-29T15:58:15+00:00","description":"Knipex 95 62 160 TC \u00e7elik tel makas\u0131, 160 mm uzunluk ve keskin \u00e7elik b\u0131\u00e7aklar\u0131yla telleri ve \u00e7elik kablolar\u0131 kolayca keser. Dayan\u0131kl\u0131 ve g\u00fcvenilir.","breadcrumb":{"@id":"https:\/\/www.elaletisepeti.com\/?product=knipex-95-62-160-tc-celik-tel-makasi#breadcrumb"},"inLanguage":"tr","potentialAction":[{"@type":"ReadAction","target":["https:\/\/www.elaletisepeti.com\/?product=knipex-95-62-160-tc-celik-tel-makasi"]}]},{"@type":"ImageObject","inLanguage":"tr","@id":"https:\/\/www.elaletisepeti.com\/?product=knipex-95-62-160-tc-celik-tel-makasi#primaryimage","url":"https:\/\/www.elaletisepeti.com\/wp-content\/uploads\/2025\/11\/Knipex-95-62-160-TC.jpg","contentUrl":"https:\/\/www.elaletisepeti.com\/wp-content\/uploads\/2025\/11\/Knipex-95-62-160-TC.jpg","width":1000,"height":1000},{"@type":"BreadcrumbList","@id":"https:\/\/www.elaletisepeti.com\/?product=knipex-95-62-160-tc-celik-tel-makasi#breadcrumb","itemListElement":[{"@type":"ListItem","position":1,"name":"Anasayfa","item":"https:\/\/www.elaletisepeti.com\/"},{"@type":"ListItem","position":2,"name":"Shop","item":"https:\/\/www.elaletisepeti.com\/?page_id=7"},{"@type":"ListItem","position":3,"name":"Knipex 95 62 160 TC \u00c7elik Tel Makas\u0131"}]},{"@type":"WebSite","@id":"https:\/\/www.elaletisepeti.com\/#website","url":"https:\/\/www.elaletisepeti.com\/","name":"El Aleti Sepeti","description":"El Aletleri, Knipex Pense, Knipex Kerpeten, Knipex Kargaburun,  Kn\u0131pex  Yankeski, Kn\u0131pex Boru Kesme, Knipex Kablo S\u0131y\u0131rma, Knipex  El Aletleri","potentialAction":[{"@type":"SearchAction","target":{"@type":"EntryPoint","urlTemplate":"https:\/\/www.elaletisepeti.com\/?s={search_term_string}"},"query-input":{"@type":"PropertyValueSpecification","valueRequired":true,"valueName":"search_term_string"}}],"inLanguage":"tr"}]}},"_links":{"self":[{"href":"https:\/\/www.elaletisepeti.com\/index.php?rest_route=\/wp\/v2\/product\/15706","targetHints":{"allow":["GET"]}}],"collection":[{"href":"https:\/\/www.elaletisepeti.com\/index.php?rest_route=\/wp\/v2\/product"}],"about":[{"href":"https:\/\/www.elaletisepeti.com\/index.php?rest_route=\/wp\/v2\/types\/product"}],"wp:featuredmedia":[{"embeddable":true,"href":"https:\/\/www.elaletisepeti.com\/index.php?rest_route=\/wp\/v2\/media\/15708"}],"wp:attachment":[{"href":"https:\/\/www.elaletisepeti.com\/index.php?rest_route=%2Fwp%2Fv2%2Fmedia&parent=15706"}],"wp:term":[{"taxonomy":"product_brand","embeddable":true,"href":"https:\/\/www.elaletisepeti.com\/index.php?rest_route=%2Fwp%2Fv2%2Fproduct_brand&post=15706"},{"taxonomy":"product_cat","embeddable":true,"href":"https:\/\/www.elaletisepeti.com\/index.php?rest_route=%2Fwp%2Fv2%2Fproduct_cat&post=15706"},{"taxonomy":"product_tag","embeddable":true,"href":"https:\/\/www.elaletisepeti.com\/index.php?rest_route=%2Fwp%2Fv2%2Fproduct_tag&post=15706"}],"curies":[{"name":"wp","href":"https:\/\/api.w.org\/{rel}","templated":true}]}}